Last updated on 2023-01-28 19:52:25 CET.
Flavor | Version | Tinstall | Tcheck | Ttotal | Status | Flags |
---|---|---|---|---|---|---|
r-devel-linux-x86_64-debian-clang | 2.2.0 | 21.06 | 716.45 | 737.51 | OK | |
r-devel-linux-x86_64-debian-gcc | 2.2.0 | 15.87 | 536.64 | 552.51 | OK | |
r-devel-linux-x86_64-fedora-clang | 2.2.0 | 2541.01 | ERROR | |||
r-devel-linux-x86_64-fedora-gcc | 2.2.0 | 764.04 | OK | |||
r-patched-linux-x86_64 | 2.2.0 | 24.83 | 586.95 | 611.78 | OK | |
r-release-linux-x86_64 | 2.2.0 | 15.00 | 588.25 | 603.25 | OK | |
r-release-macos-arm64 | 2.2.0 | 132.00 | OK | |||
r-release-macos-x86_64 | 2.2.0 | 252.00 | OK | |||
r-release-windows-x86_64 | 2.2.0 | 62.00 | 517.00 | 579.00 | OK | |
r-oldrel-macos-arm64 | 2.2.0 | 141.00 | OK | |||
r-oldrel-macos-x86_64 | 2.2.0 | 242.00 | OK | |||
r-oldrel-windows-ix86+x86_64 | 2.2.0 | 40.00 | 521.00 | 561.00 | OK |
Version: 2.2.0
Check: tests
Result: ERROR
Running ‘testthat.R’ [33m/13m]
Running the tests in ‘tests/testthat.R’ failed.
Complete output:
> library(testthat)
> library(respR)
> data("urchins.rd")
> data("sardine.rd")
> data("squid.rd")
> data("intermittent.rd")
> data("flowthrough.rd")
> data("flowthrough_mult.rd")
>
> test_check("respR")
Flavor: r-devel-linux-x86_64-fedora-clang