CRAN Package Check Results for Package respirometry

Last updated on 2022-01-25 19:50:43 CET.

Flavor Version Tinstall Tcheck Ttotal Status Flags
r-devel-linux-x86_64-debian-clang 1.3.0 7.79 73.66 81.45 NOTE
r-devel-linux-x86_64-debian-gcc 1.3.0 6.57 54.87 61.44 NOTE
r-devel-linux-x86_64-fedora-clang 1.3.0 95.25 NOTE
r-devel-linux-x86_64-fedora-gcc 1.3.0 85.33 NOTE
r-devel-windows-x86_64-new-UL 1.3.0 98.00 94.00 192.00 NOTE
r-devel-windows-x86_64-new-TK 1.3.0 NOTE
r-patched-linux-x86_64 1.3.0 6.12 66.64 72.76 NOTE
r-release-linux-x86_64 1.3.0 7.36 66.70 74.06 NOTE
r-release-macos-arm64 1.3.0 NOTE
r-release-macos-x86_64 1.3.0 NOTE
r-release-windows-ix86+x86_64 1.3.0 17.00 83.00 100.00 NOTE
r-oldrel-macos-x86_64 1.3.0 OK
r-oldrel-windows-ix86+x86_64 1.3.0 17.00 84.00 101.00 OK

Check Details

Version: 1.3.0
Check: LazyData
Result: NOTE
     'LazyData' is specified without a 'data' directory
Flavors: r-devel-linux-x86_64-debian-clang, r-devel-linux-x86_64-debian-gcc, r-devel-linux-x86_64-fedora-clang, r-devel-linux-x86_64-fedora-gcc, r-devel-windows-x86_64-new-UL, r-devel-windows-x86_64-new-TK, r-patched-linux-x86_64, r-release-linux-x86_64, r-release-macos-arm64, r-release-macos-x86_64, r-release-windows-ix86+x86_64