CRAN Package Check Results for Package restrictedMVN

Last updated on 2021-11-29 19:51:42 CET.

Flavor Version Tinstall Tcheck Ttotal Status Flags
r-devel-linux-x86_64-debian-clang 1.0 2.70 32.26 34.96 OK
r-devel-linux-x86_64-debian-gcc 1.0 1.98 23.89 25.87 OK
r-devel-linux-x86_64-fedora-clang 1.0 54.32 NOTE
r-devel-linux-x86_64-fedora-gcc 1.0 42.49 NOTE
r-devel-windows-x86_64-new-UL 1.0 8.00 64.00 72.00 OK
r-devel-windows-x86_64-new-TK 1.0 OK
r-devel-windows-x86_64-old 1.0 5.00 42.00 47.00 OK
r-patched-linux-x86_64 1.0 2.44 31.00 33.44 OK
r-patched-solaris-x86 1.0 63.90 OK
r-release-linux-x86_64 1.0 2.35 30.97 33.32 OK
r-release-macos-arm64 1.0 OK
r-release-macos-x86_64 1.0 OK
r-release-windows-ix86+x86_64 1.0 7.00 50.00 57.00 OK
r-oldrel-macos-x86_64 1.0 OK
r-oldrel-windows-ix86+x86_64 1.0 6.00 68.00 74.00 OK

Check Details

Version: 1.0
Check: compiled code
Result: NOTE
    File ‘restrictedMVN/libs/restrictedMVN.so’:
     Found no calls to: ‘R_registerRoutines’, ‘R_useDynamicSymbols’
    
    It is good practice to register native routines and to disable symbol
    search.
    
    See ‘Writing portable packages’ in the ‘Writing R Extensions’ manual.
Flavors: r-devel-linux-x86_64-fedora-clang, r-devel-linux-x86_64-fedora-gcc