Last updated on 2023-01-27 19:49:42 CET.
Flavor | Version | Tinstall | Tcheck | Ttotal | Status | Flags |
---|---|---|---|---|---|---|
r-devel-linux-x86_64-debian-clang | 0.3-500 | 16.56 | 107.99 | 124.55 | NOTE | |
r-devel-linux-x86_64-debian-gcc | 0.3-500 | 11.73 | 79.91 | 91.64 | NOTE | |
r-devel-linux-x86_64-fedora-clang | 0.3-500 | 150.06 | NOTE | |||
r-devel-linux-x86_64-fedora-gcc | 0.3-500 | 156.77 | NOTE | |||
r-patched-linux-x86_64 | 0.3-500 | 14.27 | 101.95 | 116.22 | OK | |
r-release-linux-x86_64 | 0.3-500 | 14.31 | 99.99 | 114.30 | OK | |
r-release-macos-arm64 | 0.3-500 | 35.00 | OK | |||
r-release-macos-x86_64 | 0.3-500 | 54.00 | OK | |||
r-release-windows-x86_64 | 0.3-500 | 56.00 | 140.00 | 196.00 | OK | |
r-oldrel-macos-arm64 | 0.3-500 | 37.00 | OK | |||
r-oldrel-macos-x86_64 | 0.3-500 | 52.00 | OK | |||
r-oldrel-windows-ix86+x86_64 | 0.3-500 | 27.00 | 121.00 | 148.00 | OK |
Version: 0.3-500
Check: Rd files
Result: NOTE
checkRd: (-1) Burns.Rd:28: Escaped LaTeX specials: \&
Flavors: r-devel-linux-x86_64-debian-clang, r-devel-linux-x86_64-debian-gcc, r-devel-linux-x86_64-fedora-clang, r-devel-linux-x86_64-fedora-gcc