Last updated on 2021-01-26 19:47:42 CET.
Flavor | Version | Tinstall | Tcheck | Ttotal | Status | Flags |
---|---|---|---|---|---|---|
r-devel-linux-x86_64-debian-clang | 1.18 | 58.70 | 99.03 | 157.73 | OK | |
r-devel-linux-x86_64-debian-gcc | 1.18 | 37.57 | 73.75 | 111.32 | OK | |
r-devel-linux-x86_64-fedora-clang | 1.18 | 207.69 | NOTE | |||
r-devel-linux-x86_64-fedora-gcc | 1.18 | 187.28 | OK | |||
r-devel-windows-ix86+x86_64 | 1.18 | 126.00 | 184.00 | 310.00 | OK | |
r-patched-linux-x86_64 | 1.18 | 43.28 | 88.78 | 132.06 | OK | |
r-patched-solaris-x86 | 1.18 | 215.00 | OK | |||
r-release-linux-x86_64 | 1.18 | 45.92 | 94.81 | 140.73 | OK | |
r-release-macos-x86_64 | 1.18 | OK | ||||
r-release-windows-ix86+x86_64 | 1.18 | 125.00 | 197.00 | 322.00 | OK | |
r-oldrel-macos-x86_64 | 1.18 | OK | ||||
r-oldrel-windows-ix86+x86_64 | 1.18 | 97.00 | 200.00 | 297.00 | OK |
Version: 1.18
Check: installed package size
Result: NOTE
installed size is 5.1Mb
sub-directories of 1Mb or more:
doc 1.1Mb
libs 3.3Mb
Flavor: r-devel-linux-x86_64-fedora-clang