CRAN Package Check Results for Package retistruct

Last updated on 2022-05-27 21:51:31 CEST.

Flavor Version Tinstall Tcheck Ttotal Status Flags
r-devel-linux-x86_64-debian-clang 0.6.3 28.77 150.66 179.43 NOTE
r-devel-linux-x86_64-debian-gcc 0.6.3 23.09 110.09 133.18 NOTE
r-devel-linux-x86_64-fedora-clang 0.6.3 222.08 NOTE
r-devel-linux-x86_64-fedora-gcc 0.6.3 204.42 NOTE
r-devel-windows-x86_64 0.6.3 143.00 231.00 374.00 OK
r-patched-linux-x86_64 0.6.3 34.15 145.68 179.83 NOTE
r-release-linux-x86_64 0.6.3 26.97 143.54 170.51 NOTE
r-release-macos-arm64 0.6.3 59.00 NOTE
r-release-macos-x86_64 0.6.3 95.00 NOTE
r-release-windows-x86_64 0.6.3 160.00 253.00 413.00 OK
r-oldrel-macos-arm64 0.6.3 69.00 NOTE
r-oldrel-macos-x86_64 0.6.3 113.00 NOTE
r-oldrel-windows-ix86+x86_64 0.6.3 53.00 250.00 303.00 OK

Check Details

Version: 0.6.3
Check: package dependencies
Result: NOTE
    Packages suggested but not available for checking:
     'gWidgets2RGtk2', 'cairoDevice', 'RGtk2'
Flavors: r-devel-linux-x86_64-debian-clang, r-devel-linux-x86_64-debian-gcc, r-devel-linux-x86_64-fedora-clang, r-devel-linux-x86_64-fedora-gcc, r-patched-linux-x86_64, r-release-linux-x86_64, r-release-macos-arm64, r-release-macos-x86_64, r-oldrel-macos-arm64

Version: 0.6.3
Check: dependencies in R code
Result: NOTE
    Namespace in Imports field not imported from: ‘RTriangle’
     All declared Imports should be used.
Flavors: r-devel-linux-x86_64-fedora-clang, r-devel-linux-x86_64-fedora-gcc, r-release-macos-arm64, r-release-macos-x86_64, r-oldrel-macos-arm64, r-oldrel-macos-x86_64