CRAN Package Check Results for Package reutils

Last updated on 2024-02-26 19:50:19 CET.

Flavor Version Tinstall Tcheck Ttotal Status Flags
r-devel-linux-x86_64-debian-clang 0.2.3 6.00 51.33 57.33 NOTE
r-devel-linux-x86_64-debian-gcc 0.2.3 4.58 39.86 44.44 NOTE
r-devel-linux-x86_64-fedora-clang 0.2.3 71.03 NOTE
r-devel-linux-x86_64-fedora-gcc 0.2.3 68.40 OK
r-devel-windows-x86_64 0.2.3 6.00 74.00 80.00 OK
r-patched-linux-x86_64 0.2.3 11.42 51.45 62.87 OK
r-release-linux-x86_64 0.2.3 7.06 50.94 58.00 OK
r-release-macos-arm64 0.2.3 34.00 OK
r-release-macos-x86_64 0.2.3 50.00 OK
r-release-windows-x86_64 0.2.3 9.00 79.00 88.00 OK
r-oldrel-macos-arm64 0.2.3 33.00 OK
r-oldrel-windows-x86_64 0.2.3 12.00 74.00 86.00 OK

Check Details

Version: 0.2.3
Check: Rd files
Result: NOTE checkRd: (-1) elink.Rd:70-71: Lost braces in \itemize; meant \describe ? checkRd: (-1) elink.Rd:72-73: Lost braces in \itemize; meant \describe ? checkRd: (-1) elink.Rd:74-76: Lost braces in \itemize; meant \describe ? checkRd: (-1) reutils-package.Rd:114: Lost braces 114 | code{reutils.test.remote} to \code{TRUE} to run the full suite of tests. | ^ Flavors: r-devel-linux-x86_64-debian-clang, r-devel-linux-x86_64-debian-gcc, r-devel-linux-x86_64-fedora-clang