CRAN Package Check Results for Package revdbayes

Last updated on 2021-12-08 19:51:45 CET.

Flavor Version Tinstall Tcheck Ttotal Status Flags
r-devel-linux-x86_64-debian-clang 1.3.9 56.95 577.79 634.74 OK
r-devel-linux-x86_64-debian-gcc 1.3.9 37.59 400.24 437.83 OK
r-devel-linux-x86_64-fedora-clang 1.3.9 742.01 OK
r-devel-linux-x86_64-fedora-gcc 1.3.9 734.31 OK
r-devel-windows-x86_64-new-UL 1.3.9 80.00 672.00 752.00 OK
r-devel-windows-x86_64-new-TK 1.3.9 OK
r-devel-windows-x86_64-old 1.3.9 74.00 526.00 600.00 OK
r-patched-linux-x86_64 1.3.9 56.46 549.85 606.31 OK
r-release-linux-x86_64 1.3.9 47.97 545.49 593.46 OK
r-release-macos-arm64 1.3.9 NOTE
r-release-macos-x86_64 1.3.9 OK
r-release-windows-ix86+x86_64 1.3.9 88.00 743.00 831.00 OK
r-oldrel-macos-x86_64 1.3.9 OK
r-oldrel-windows-ix86+x86_64 1.3.9 129.00 735.00 864.00 OK

Check Details

Version: 1.3.9
Check: installed package size
Result: NOTE
     installed size is 6.5Mb
     sub-directories of 1Mb or more:
     libs 5.3Mb
Flavor: r-release-macos-arm64