CRAN Package Check Results for Package rextendr

Last updated on 2021-12-07 19:49:55 CET.

Flavor Version Tinstall Tcheck Ttotal Status Flags
r-devel-linux-x86_64-debian-clang 0.2.0 5.28 60.10 65.38 OK
r-devel-linux-x86_64-debian-gcc 0.2.0 3.89 45.80 49.69 OK
r-devel-linux-x86_64-fedora-clang 0.2.0 79.56 NOTE
r-devel-linux-x86_64-fedora-gcc 0.2.0 66.81 NOTE
r-devel-windows-x86_64-new-UL 0.2.0 15.00 104.00 119.00 OK
r-devel-windows-x86_64-new-TK 0.2.0 NOTE
r-devel-windows-x86_64-old 0.2.0 9.00 62.00 71.00 OK
r-patched-linux-x86_64 0.2.0 4.19 56.33 60.52 OK
r-release-linux-x86_64 0.2.0 5.35 56.22 61.57 OK
r-release-macos-arm64 0.2.0 NOTE
r-release-macos-x86_64 0.2.0 NOTE
r-release-windows-ix86+x86_64 0.2.0 9.00 65.00 74.00 OK
r-oldrel-macos-x86_64 0.2.0 NOTE
r-oldrel-windows-ix86+x86_64 0.2.0 13.00 77.00 90.00 OK

Check Details

Version: 0.2.0
Check: dependencies in R code
Result: NOTE
    Namespace in Imports field not imported from: ‘pkgload’
     All declared Imports should be used.
Flavors: r-devel-linux-x86_64-fedora-clang, r-devel-linux-x86_64-fedora-gcc, r-devel-windows-x86_64-new-TK, r-release-macos-arm64, r-release-macos-x86_64, r-oldrel-macos-x86_64