CRAN Package Check Results for Package rfigshare

Last updated on 2021-11-28 19:49:02 CET.

Flavor Version Tinstall Tcheck Ttotal Status Flags
r-devel-linux-x86_64-debian-clang 0.3.7 NOTE
r-devel-linux-x86_64-debian-gcc 0.3.7 5.26 51.57 56.83 NOTE
r-devel-linux-x86_64-fedora-clang 0.3.7 97.97 NOTE
r-devel-linux-x86_64-fedora-gcc 0.3.7 83.24 NOTE
r-devel-windows-x86_64-new-UL 0.3.7 15.00 108.00 123.00 NOTE
r-devel-windows-x86_64-new-TK 0.3.7 NOTE
r-devel-windows-x86_64-old 0.3.7 10.00 91.00 101.00 NOTE
r-patched-linux-x86_64 0.3.7 6.69 60.81 67.50 NOTE
r-patched-solaris-x86 0.3.7 120.00 NOTE
r-release-linux-x86_64 0.3.7 6.53 59.65 66.18 NOTE
r-release-macos-arm64 0.3.7 NOTE
r-release-macos-x86_64 0.3.7 NOTE
r-release-windows-ix86+x86_64 0.3.7 16.00 68.00 84.00 NOTE
r-oldrel-macos-x86_64 0.3.7 NOTE
r-oldrel-windows-ix86+x86_64 0.3.7 23.00 86.00 109.00 NOTE

Check Details

Version: 0.3.7
Check: R code for possible problems
Result: NOTE
    fs_author_ids : <anonymous>: no visible global function definition for
     'select.list'
    fs_download : <anonymous>: no visible global function definition for
     'download.file'
    Undefined global functions or variables:
     download.file select.list
    Consider adding
     importFrom("utils", "download.file", "select.list")
    to your NAMESPACE file.
Flavors: r-devel-linux-x86_64-debian-clang, r-devel-linux-x86_64-debian-gcc, r-devel-linux-x86_64-fedora-clang, r-devel-linux-x86_64-fedora-gcc, r-devel-windows-x86_64-new-UL, r-devel-windows-x86_64-new-TK, r-devel-windows-x86_64-old, r-patched-linux-x86_64, r-patched-solaris-x86, r-release-linux-x86_64, r-release-macos-arm64, r-release-macos-x86_64, r-release-windows-ix86+x86_64, r-oldrel-macos-x86_64, r-oldrel-windows-ix86+x86_64