CRAN Package Check Results for Package rgen

Last updated on 2024-04-17 21:56:08 CEST.

Flavor Version Tinstall Tcheck Ttotal Status Flags
r-devel-linux-x86_64-debian-clang 0.0.1 1.24 23.80 25.04 NOTE
r-devel-linux-x86_64-debian-gcc 0.0.1 1.49 18.43 19.92 NOTE
r-devel-linux-x86_64-fedora-clang 0.0.1 33.65 NOTE
r-devel-linux-x86_64-fedora-gcc 0.0.1 43.74 NOTE
r-prerel-macos-arm64 0.0.1 21.00 NOTE
r-prerel-windows-x86_64 0.0.1 3.00 40.00 43.00 NOTE
r-patched-linux-x86_64 0.0.1 1.57 22.75 24.32 NOTE
r-release-linux-x86_64 0.0.1 1.56 20.89 22.45 NOTE
r-release-macos-arm64 0.0.1 21.00 NOTE
r-release-macos-x86_64 0.0.1 29.00 NOTE
r-release-windows-x86_64 0.0.1 2.00 39.00 41.00 NOTE
r-oldrel-macos-arm64 0.0.1 17.00 NOTE
r-oldrel-windows-x86_64 0.0.1 3.00 43.00 46.00 NOTE

Check Details

Version: 0.0.1
Check: LazyData
Result: NOTE 'LazyData' is specified without a 'data' directory Flavors: r-devel-linux-x86_64-debian-clang, r-devel-linux-x86_64-debian-gcc, r-devel-linux-x86_64-fedora-clang, r-devel-linux-x86_64-fedora-gcc, r-prerel-macos-arm64, r-prerel-windows-x86_64, r-patched-linux-x86_64, r-release-linux-x86_64, r-release-macos-arm64, r-release-macos-x86_64, r-release-windows-x86_64, r-oldrel-macos-arm64, r-oldrel-windows-x86_64