CRAN Package Check Results for Package rgenoud

Last updated on 2022-01-17 19:49:47 CET.

Flavor Version Tinstall Tcheck Ttotal Status Flags
r-devel-linux-x86_64-debian-clang 5.8-3.0 14.41 58.68 73.09 NOTE
r-devel-linux-x86_64-debian-gcc 5.8-3.0 8.33 50.50 58.83 NOTE
r-devel-linux-x86_64-fedora-clang 5.8-3.0 97.05 NOTE
r-devel-linux-x86_64-fedora-gcc 5.8-3.0 86.24 NOTE
r-devel-windows-x86_64-new-UL 5.8-3.0 41.00 112.00 153.00 NOTE
r-devel-windows-x86_64-new-TK 5.8-3.0 NOTE
r-patched-linux-x86_64 5.8-3.0 11.27 77.21 88.48 NOTE
r-release-linux-x86_64 5.8-3.0 NOTE
r-release-macos-arm64 5.8-3.0 NOTE
r-release-macos-x86_64 5.8-3.0 NOTE
r-release-windows-ix86+x86_64 5.8-3.0 34.00 123.00 157.00 NOTE
r-oldrel-macos-x86_64 5.8-3.0 NOTE
r-oldrel-windows-ix86+x86_64 5.8-3.0 33.00 114.00 147.00 NOTE

Additional issues

clang-UBSAN gcc-UBSAN

Check Details

Version: 5.8-3.0
Check: R code for possible problems
Result: NOTE
    genoud: multiple local function definitions for 'fn1.bfgs' with
     different formal arguments
    genoud: multiple local function definitions for 'gr1' with different
     formal arguments
    genoud: multiple local function definitions for 'hess.fn' with
     different formal arguments
    genoud_transform: multiple local function definitions for 'fn1.bfgs'
     with different formal arguments
    genoud_transform: multiple local function definitions for 'gr1' with
     different formal arguments
Flavors: r-devel-linux-x86_64-debian-clang, r-devel-linux-x86_64-debian-gcc, r-devel-linux-x86_64-fedora-clang, r-devel-linux-x86_64-fedora-gcc, r-devel-windows-x86_64-new-UL, r-devel-windows-x86_64-new-TK, r-patched-linux-x86_64, r-release-linux-x86_64, r-release-macos-arm64, r-release-macos-x86_64, r-release-windows-ix86+x86_64, r-oldrel-macos-x86_64, r-oldrel-windows-ix86+x86_64

Version: 5.8-3.0
Check: Rd cross-references
Result: NOTE
    Undeclared package ‘Matching’ in Rd xrefs
Flavor: r-devel-linux-x86_64-fedora-clang