Last updated on 2022-05-27 21:51:31 CEST.
Flavor | Version | Tinstall | Tcheck | Ttotal | Status | Flags |
---|---|---|---|---|---|---|
r-devel-linux-x86_64-debian-clang | 0.2.2 | 9.23 | 114.36 | 123.59 | OK | |
r-devel-linux-x86_64-debian-gcc | 0.2.2 | 8.28 | 86.47 | 94.75 | OK | |
r-devel-linux-x86_64-fedora-clang | 0.2.2 | 150.39 | NOTE | |||
r-devel-linux-x86_64-fedora-gcc | 0.2.2 | 133.00 | NOTE | |||
r-devel-windows-x86_64 | 0.2.2 | 29.00 | 140.00 | 169.00 | OK | |
r-patched-linux-x86_64 | 0.2.2 | 8.34 | 107.36 | 115.70 | OK | |
r-release-linux-x86_64 | 0.2.2 | 9.69 | 109.05 | 118.74 | OK | |
r-release-macos-arm64 | 0.2.2 | 39.00 | NOTE | |||
r-release-macos-x86_64 | 0.2.2 | 72.00 | NOTE | |||
r-release-windows-x86_64 | 0.2.2 | 37.00 | 141.00 | 178.00 | OK | |
r-oldrel-macos-arm64 | 0.2.2 | 100.00 | NOTE | |||
r-oldrel-macos-x86_64 | 0.2.2 | 65.00 | NOTE | |||
r-oldrel-windows-ix86+x86_64 | 0.2.2 | 22.00 | 124.00 | 146.00 | OK |
Version: 0.2.2
Check: dependencies in R code
Result: NOTE
Namespaces in Imports field not imported from:
‘leaflet’ ‘pals’ ‘raster’ ‘sp’
All declared Imports should be used.
Flavors: r-devel-linux-x86_64-fedora-clang, r-devel-linux-x86_64-fedora-gcc, r-release-macos-arm64, r-release-macos-x86_64, r-oldrel-macos-arm64, r-oldrel-macos-x86_64