CRAN Package Check Results for Package rhierbaps

Last updated on 2022-01-19 20:00:40 CET.

Flavor Version Tinstall Tcheck Ttotal Status Flags
r-devel-linux-x86_64-debian-clang 1.1.3 NOTE
r-devel-linux-x86_64-debian-gcc 1.1.3 4.76 282.55 287.31 NOTE
r-devel-linux-x86_64-fedora-clang 1.1.3 449.61 NOTE
r-devel-linux-x86_64-fedora-gcc 1.1.3 426.86 NOTE
r-devel-windows-x86_64-new-UL 1.1.3 56.00 433.00 489.00 NOTE
r-devel-windows-x86_64-new-TK 1.1.3 NOTE
r-patched-linux-x86_64 1.1.3 3.77 345.30 349.07 NOTE
r-release-linux-x86_64 1.1.3 NOTE
r-release-macos-arm64 1.1.3 NOTE
r-release-macos-x86_64 1.1.3 WARN
r-release-windows-ix86+x86_64 1.1.3 15.00 511.00 526.00 NOTE
r-oldrel-macos-x86_64 1.1.3 WARN
r-oldrel-windows-ix86+x86_64 1.1.3 17.00 75.00 92.00 WARN

Check Details

Version: 1.1.3
Check: LazyData
Result: NOTE
     'LazyData' is specified without a 'data' directory
Flavors: r-devel-linux-x86_64-debian-clang, r-devel-linux-x86_64-debian-gcc, r-devel-linux-x86_64-fedora-clang, r-devel-linux-x86_64-fedora-gcc, r-devel-windows-x86_64-new-UL, r-devel-windows-x86_64-new-TK, r-patched-linux-x86_64, r-release-linux-x86_64, r-release-macos-arm64, r-release-macos-x86_64, r-release-windows-ix86+x86_64

Version: 1.1.3
Check: package dependencies
Result: NOTE
    Package suggested but not available for checking: ‘ggtree’
Flavors: r-release-macos-x86_64, r-oldrel-macos-x86_64

Version: 1.1.3
Check: re-building of vignette outputs
Result: WARN
    Error(s) in re-building vignettes:
     ...
    --- re-building ‘introduction.Rmd’ using rmarkdown
    Warning in engine$weave(file, quiet = quiet, encoding = enc) :
     Pandoc (>= 1.12.3) not available. Falling back to R Markdown v1.
    Quitting from lines 40-46 (introduction.Rmd)
    Error: processing vignette 'introduction.Rmd' failed with diagnostics:
    there is no package called 'ggtree'
    --- failed re-building ‘introduction.Rmd’
    
    SUMMARY: processing the following file failed:
     ‘introduction.Rmd’
    
    Error: Vignette re-building failed.
    Execution halted
Flavor: r-release-macos-x86_64

Version: 1.1.3
Check: re-building of vignette outputs
Result: WARN
    Error(s) in re-building vignettes:
     ...
    --- re-building ‘introduction.Rmd’ using rmarkdown
    Warning in engine$weave(file, quiet = quiet, encoding = enc) :
     Pandoc (>= 1.12.3) and/or pandoc-citeproc not available. Falling back to R Markdown v1.
    Quitting from lines 40-46 (introduction.Rmd)
    Error: processing vignette 'introduction.Rmd' failed with diagnostics:
    there is no package called 'ggtree'
    --- failed re-building ‘introduction.Rmd’
    
    SUMMARY: processing the following file failed:
     ‘introduction.Rmd’
    
    Error: Vignette re-building failed.
    Execution halted
Flavor: r-oldrel-macos-x86_64

Version: 1.1.3
Check: re-building of vignette outputs
Result: WARN
    Error(s) in re-building vignettes:
    --- re-building 'introduction.Rmd' using rmarkdown
    Quitting from lines 40-46 (introduction.Rmd)
    Error: processing vignette 'introduction.Rmd' failed with diagnostics:
    package or namespace load failed for 'ggtree':
     object 'get_aes_var' is not exported by 'namespace:rvcheck'
    --- failed re-building 'introduction.Rmd'
    
    SUMMARY: processing the following file failed:
     'introduction.Rmd'
    
    Error: Vignette re-building failed.
    Execution halted
Flavor: r-oldrel-windows-ix86+x86_64