Last updated on 2021-02-24 19:48:17 CET.
Flavor | Version | Tinstall | Tcheck | Ttotal | Status | Flags |
---|---|---|---|---|---|---|
r-devel-linux-x86_64-debian-clang | 0.1.3 | 11.69 | 92.76 | 104.45 | WARN | |
r-devel-linux-x86_64-debian-gcc | 0.1.3 | 10.15 | 69.86 | 80.01 | WARN | |
r-devel-linux-x86_64-fedora-clang | 0.1.3 | 142.48 | NOTE | |||
r-devel-linux-x86_64-fedora-gcc | 0.1.3 | 129.96 | NOTE | |||
r-devel-windows-ix86+x86_64 | 0.1.3 | 19.00 | 90.00 | 109.00 | NOTE | |
r-patched-linux-x86_64 | 0.1.3 | 11.57 | 86.36 | 97.93 | WARN | |
r-patched-solaris-x86 | 0.1.3 | 162.40 | NOTE | |||
r-release-linux-x86_64 | 0.1.3 | 11.41 | 88.94 | 100.35 | NOTE | |
r-release-macos-x86_64 | 0.1.3 | NOTE | ||||
r-release-windows-ix86+x86_64 | 0.1.3 | 27.00 | 89.00 | 116.00 | NOTE | |
r-oldrel-macos-x86_64 | 0.1.3 | NOTE | ||||
r-oldrel-windows-ix86+x86_64 | 0.1.3 | 17.00 | 118.00 | 135.00 | NOTE |
Version: 0.1.3
Check: package dependencies
Result: NOTE
Packages suggested but not available for checking:
'mimic.demo', 'eicu.demo'
Flavors: r-devel-linux-x86_64-debian-clang, r-devel-linux-x86_64-debian-gcc, r-devel-linux-x86_64-fedora-clang, r-devel-linux-x86_64-fedora-gcc, r-devel-windows-ix86+x86_64, r-patched-linux-x86_64, r-patched-solaris-x86, r-release-linux-x86_64, r-release-macos-x86_64, r-release-windows-ix86+x86_64, r-oldrel-macos-x86_64, r-oldrel-windows-ix86+x86_64
Version: 0.1.3
Check: re-building of vignette outputs
Result: WARN
Error(s) in re-building vignettes:
...
--- re-building 'uom.Rmd' using rmarkdown
Quitting from lines 57-70 (uom.Rmd)
Error: processing vignette 'uom.Rmd' failed with diagnostics:
subscript out of bounds
--- failed re-building 'uom.Rmd'
SUMMARY: processing the following file failed:
'uom.Rmd'
Error: Vignette re-building failed.
Execution halted
Flavors: r-devel-linux-x86_64-debian-clang, r-devel-linux-x86_64-debian-gcc, r-patched-linux-x86_64