CRAN Package Check Results for Package ringostat

Last updated on 2022-01-17 19:49:47 CET.

Flavor Version Tinstall Tcheck Ttotal Status Flags
r-devel-linux-x86_64-debian-clang 0.1.3 4.28 43.34 47.62 OK
r-devel-linux-x86_64-debian-gcc 0.1.3 3.00 33.34 36.34 OK
r-devel-linux-x86_64-fedora-clang 0.1.3 57.45 NOTE
r-devel-linux-x86_64-fedora-gcc 0.1.3 45.68 NOTE
r-devel-windows-x86_64-new-UL 0.1.3 47.00 61.00 108.00 OK
r-devel-windows-x86_64-new-TK 0.1.3 NOTE
r-patched-linux-x86_64 0.1.3 3.75 41.34 45.09 OK
r-release-linux-x86_64 0.1.3 OK
r-release-macos-arm64 0.1.3 NOTE
r-release-macos-x86_64 0.1.3 NOTE
r-release-windows-ix86+x86_64 0.1.3 10.00 53.00 63.00 OK
r-oldrel-macos-x86_64 0.1.3 NOTE
r-oldrel-windows-ix86+x86_64 0.1.3 10.00 51.00 61.00 OK

Check Details

Version: 0.1.3
Check: dependencies in R code
Result: NOTE
    Namespace in Imports field not imported from: ‘lifecycle’
     All declared Imports should be used.
Flavors: r-devel-linux-x86_64-fedora-clang, r-devel-linux-x86_64-fedora-gcc, r-devel-windows-x86_64-new-TK, r-release-macos-arm64, r-release-macos-x86_64, r-oldrel-macos-x86_64