CRAN Package Check Results for Package riskRegression

Last updated on 2023-05-28 22:00:21 CEST.

Flavor Version Tinstall Tcheck Ttotal Status Flags
r-devel-linux-x86_64-debian-clang 2023.03.22 309.55 392.22 701.77 OK
r-devel-linux-x86_64-debian-gcc 2023.03.22 238.08 277.41 515.49 OK
r-devel-linux-x86_64-fedora-clang 2023.03.22 1019.11 OK
r-devel-linux-x86_64-fedora-gcc 2023.03.22 982.97 OK
r-devel-windows-x86_64 2023.03.22 222.00 306.00 528.00 OK
r-patched-linux-x86_64 2023.03.22 261.53 354.69 616.22 OK
r-release-linux-x86_64 2023.03.22 238.77 347.98 586.75 OK
r-release-macos-arm64 2023.03.22 217.00 NOTE
r-release-macos-x86_64 2023.03.22 376.00 NOTE
r-release-windows-x86_64 2023.03.22 293.00 389.00 682.00 OK
r-oldrel-macos-arm64 2023.03.22 140.00 NOTE
r-oldrel-macos-x86_64 2023.03.22 251.00 NOTE
r-oldrel-windows-x86_64 2023.03.22 281.00 367.00 648.00 OK

Check Details

Version: 2023.03.22
Check: package dependencies
Result: NOTE
    Package suggested but not available for checking: ‘randomForestSRC’
Flavor: r-release-macos-arm64

Version: 2023.03.22
Check: installed package size
Result: NOTE
     installed size is 10.7Mb
     sub-directories of 1Mb or more:
     R 1.0Mb
     libs 9.2Mb
Flavors: r-release-macos-arm64, r-release-macos-x86_64, r-oldrel-macos-arm64, r-oldrel-macos-x86_64