CRAN Package Check Results for Package rjqpd

Last updated on 2021-11-29 19:51:42 CET.

Flavor Version Tinstall Tcheck Ttotal Status Flags
r-devel-linux-x86_64-debian-clang 0.2.3 2.60 22.85 25.45 NOTE
r-devel-linux-x86_64-debian-gcc 0.2.3 1.91 18.46 20.37 NOTE
r-devel-linux-x86_64-fedora-clang 0.2.3 42.14 NOTE
r-devel-linux-x86_64-fedora-gcc 0.2.3 31.12 NOTE
r-devel-windows-x86_64-new-UL 0.2.3 7.00 56.00 63.00 NOTE
r-devel-windows-x86_64-new-TK 0.2.3 NOTE
r-devel-windows-x86_64-old 0.2.3 6.00 33.00 39.00 NOTE
r-patched-linux-x86_64 0.2.3 2.53 22.33 24.86 NOTE
r-patched-solaris-x86 0.2.3 46.80 NOTE
r-release-linux-x86_64 0.2.3 2.08 21.89 23.97 NOTE
r-release-macos-arm64 0.2.3 NOTE
r-release-macos-x86_64 0.2.3 NOTE
r-release-windows-ix86+x86_64 0.2.3 6.00 32.00 38.00 NOTE
r-oldrel-macos-x86_64 0.2.3 OK
r-oldrel-windows-ix86+x86_64 0.2.3 4.00 41.00 45.00 OK

Check Details

Version: 0.2.3
Check: LazyData
Result: NOTE
     'LazyData' is specified without a 'data' directory
Flavors: r-devel-linux-x86_64-debian-clang, r-devel-linux-x86_64-debian-gcc, r-devel-linux-x86_64-fedora-clang, r-devel-linux-x86_64-fedora-gcc, r-devel-windows-x86_64-new-UL, r-devel-windows-x86_64-new-TK, r-devel-windows-x86_64-old, r-patched-linux-x86_64, r-patched-solaris-x86, r-release-linux-x86_64, r-release-macos-arm64, r-release-macos-x86_64, r-release-windows-ix86+x86_64