CRAN Package Check Results for Package rjson

Last updated on 2022-01-28 19:51:08 CET.

Flavor Version Tinstall Tcheck Ttotal Status Flags
r-devel-linux-x86_64-debian-clang 0.2.21 4.34 32.52 36.86 OK
r-devel-linux-x86_64-debian-gcc 0.2.21 3.81 25.83 29.64 OK
r-devel-linux-x86_64-fedora-clang 0.2.21 47.71 OK
r-devel-linux-x86_64-fedora-gcc 0.2.21 36.25 OK
r-devel-windows-x86_64-new-UL 0.2.21 36.00 70.00 106.00 OK
r-devel-windows-x86_64-new-TK 0.2.21 OK
r-patched-linux-x86_64 0.2.21 3.95 31.58 35.53 OK
r-release-linux-x86_64 0.2.21 4.01 31.34 35.35 OK
r-release-macos-arm64 0.2.21 OK
r-release-macos-x86_64 0.2.21 WARN --as-cran
r-release-windows-ix86+x86_64 0.2.21 15.00 58.00 73.00 OK
r-oldrel-macos-x86_64 0.2.21 OK
r-oldrel-windows-ix86+x86_64 0.2.21 14.00 56.00 70.00 OK

Additional issues

rchk

Check Details

Version: 0.2.21
Flags: --as-cran
Check: CRAN incoming feasibility
Result: WARN
    Maintainer: ‘Alex Couture-Beil <rjson_pkg@mofo.ca>’
    
    Insufficient package version (submitted: 0.2.21, existing: 0.2.21)
    
    Days since last update: 0
Flavor: r-release-macos-x86_64

Version: 0.2.21
Flags: --as-cran
Check: sizes of PDF files under ‘inst/doc’
Result: NOTE
    Unable to find GhostScript executable to run checks on size reduction
Flavor: r-release-macos-x86_64