CRAN Package Check Results for Package rknn

Last updated on 2022-01-25 19:50:44 CET.

Flavor Version Tinstall Tcheck Ttotal Status Flags
r-devel-linux-x86_64-debian-clang 1.2-1 4.24 38.71 42.95 NOTE
r-devel-linux-x86_64-debian-gcc 1.2-1 3.31 30.38 33.69 NOTE
r-devel-linux-x86_64-fedora-clang 1.2-1 53.27 NOTE
r-devel-linux-x86_64-fedora-gcc 1.2-1 42.14 NOTE
r-devel-windows-x86_64-new-UL 1.2-1 32.00 63.00 95.00 NOTE
r-devel-windows-x86_64-new-TK 1.2-1 NOTE
r-patched-linux-x86_64 1.2-1 4.35 37.33 41.68 NOTE
r-release-linux-x86_64 1.2-1 4.05 36.88 40.93 NOTE
r-release-macos-arm64 1.2-1 NOTE
r-release-macos-x86_64 1.2-1 NOTE
r-release-windows-ix86+x86_64 1.2-1 12.00 57.00 69.00 NOTE
r-oldrel-macos-x86_64 1.2-1 NOTE
r-oldrel-windows-ix86+x86_64 1.2-1 12.00 62.00 74.00 NOTE

Check Details

Version: 1.2-1
Check: R code for possible problems
Result: NOTE
    cv.coef: no visible global function definition for 'sd'
    normalize.softmax: no visible global function definition for 'plogis'
    plot.rknnSupport: no visible global function definition for 'dotchart'
    predicted: no visible global function definition for 'influence'
    predicted: no visible global function definition for 'fitted'
    predicted: no visible global function definition for 'resid'
    pressresid: no visible global function definition for 'influence'
    pressresid: no visible global function definition for 'resid'
    Undefined global functions or variables:
     dotchart fitted influence plogis resid sd
    Consider adding
     importFrom("graphics", "dotchart")
     importFrom("stats", "fitted", "influence", "plogis", "resid", "sd")
    to your NAMESPACE file.
Flavors: r-devel-linux-x86_64-debian-clang, r-devel-linux-x86_64-debian-gcc, r-devel-linux-x86_64-fedora-clang, r-devel-linux-x86_64-fedora-gcc, r-devel-windows-x86_64-new-UL, r-devel-windows-x86_64-new-TK, r-patched-linux-x86_64, r-release-linux-x86_64, r-release-macos-arm64, r-release-macos-x86_64, r-release-windows-ix86+x86_64, r-oldrel-macos-x86_64, r-oldrel-windows-ix86+x86_64

Version: 1.2-1
Check: package dependencies
Result: NOTE
    Packages suggested but not available for checking:
     'genefilter', 'golubEsets'
Flavor: r-release-macos-arm64

Version: 1.2-1
Check: package dependencies
Result: NOTE
    Package suggested but not available for checking: ‘golubEsets’
Flavors: r-release-macos-x86_64, r-oldrel-macos-x86_64