CRAN Package Check Results for Package rlang

Last updated on 2021-10-15 20:48:41 CEST.

Flavor Version Tinstall Tcheck Ttotal Status Flags
r-devel-linux-x86_64-debian-clang 0.4.11 14.51 109.76 124.27 ERROR
r-devel-linux-x86_64-debian-gcc 0.4.11 11.42 81.51 92.93 ERROR
r-devel-linux-x86_64-fedora-clang 0.4.11 164.59 ERROR
r-devel-linux-x86_64-fedora-gcc 0.4.11 152.17 ERROR
r-devel-windows-x86_64 0.4.11 25.00 112.00 137.00 ERROR
r-devel-windows-x86_64-gcc10-UCRT 0.4.11 ERROR
r-patched-linux-x86_64 0.4.11 18.92 104.49 123.41 ERROR
r-patched-solaris-x86 0.4.11 183.70 ERROR
r-release-linux-x86_64 0.4.11 14.71 105.36 120.07 ERROR
r-release-macos-arm64 0.4.11 OK
r-release-macos-x86_64 0.4.11 NOTE
r-release-windows-ix86+x86_64 0.4.11 40.00 198.00 238.00 ERROR
r-oldrel-macos-x86_64 0.4.11 OK
r-oldrel-windows-ix86+x86_64 0.4.11 50.00 193.00 243.00 ERROR

Check Details

Version: 0.4.11
Check: tests
Result: ERROR
     Running 'sink.R' [0s/1s]
     Running 'testthat.R' [36s/44s]
    Running the tests in 'tests/testthat.R' failed.
    Complete output:
     > # Workaround for loadNamespace() failure on R 3.2
     > requireNamespace("rlang")
     Loading required namespace: rlang
     >
     > library("testthat")
     > library("rlang")
    
     Attaching package: 'rlang'
    
     The following objects are masked from 'package:testthat':
    
     is_false, is_null, is_true
    
     >
     > test_check("rlang")
     foo
     w finalized
     == Skipped tests ===============================================================
     * !nzchar(Sys.getenv("RLANG_FULL_TESTS")) is TRUE (1)
     * Cannot set MBCS locale (1)
     * Disabled (1)
     * Failing (1)
     * On CRAN (45)
     * Until the workaround is in place (1)
     * rlanglibtest cannot be loaded (1)
    
     == Failed tests ================================================================
     -- Error (test-quo.R:288:3): as_quosure() still provides default env -----------
     Error: `quo` must be a quosure
     Backtrace:
     x
     1. +-rlang:::expect_reference(quo_get_env(quo), current_env()) test-quo.R:288:2
     2. | +-testthat::expect_true(is_reference(object, expected)) helper-rlang.R:70:2
     3. | | \-testthat::quasi_label(enquo(object), label, arg = "object")
     4. | | \-rlang::eval_bare(expr, quo_get_env(quo))
     5. | \-rlang::is_reference(object, expected)
     6. \-rlang::quo_get_env(quo)
    
     [ FAIL 1 | WARN 0 | SKIP 51 | PASS 2728 ]
     Error: Test failures
     Execution halted
Flavor: r-devel-linux-x86_64-debian-clang

Version: 0.4.11
Check: tests
Result: ERROR
     Running ‘sink.R’ [0s/1s]
     Running ‘testthat.R’ [27s/46s]
    Running the tests in ‘tests/testthat.R’ failed.
    Complete output:
     > # Workaround for loadNamespace() failure on R 3.2
     > requireNamespace("rlang")
     Loading required namespace: rlang
     >
     > library("testthat")
     > library("rlang")
    
     Attaching package: 'rlang'
    
     The following objects are masked from 'package:testthat':
    
     is_false, is_null, is_true
    
     >
     > test_check("rlang")
     foo
     w finalized
     ══ Skipped tests ═══════════════════════════════════════════════════════════════
     • !nzchar(Sys.getenv("RLANG_FULL_TESTS")) is TRUE (1)
     • Cannot set MBCS locale (1)
     • Disabled (1)
     • Failing (1)
     • On CRAN (45)
     • Until the workaround is in place (1)
     • rlanglibtest cannot be loaded (1)
    
     ══ Failed tests ════════════════════════════════════════════════════════════════
     ── Error (test-quo.R:288:3): as_quosure() still provides default env ───────────
     Error: `quo` must be a quosure
     Backtrace:
     █
     1. ├─rlang:::expect_reference(quo_get_env(quo), current_env()) test-quo.R:288:2
     2. │ ├─testthat::expect_true(is_reference(object, expected)) helper-rlang.R:70:2
     3. │ │ └─testthat::quasi_label(enquo(object), label, arg = "object")
     4. │ │ └─rlang::eval_bare(expr, quo_get_env(quo))
     5. │ └─rlang::is_reference(object, expected)
     6. └─rlang::quo_get_env(quo)
    
     [ FAIL 1 | WARN 0 | SKIP 51 | PASS 2728 ]
     Error: Test failures
     Execution halted
Flavor: r-devel-linux-x86_64-debian-gcc

Version: 0.4.11
Check: tests
Result: ERROR
     Running ‘sink.R’
     Running ‘testthat.R’ [42s/53s]
    Running the tests in ‘tests/testthat.R’ failed.
    Complete output:
     > # Workaround for loadNamespace() failure on R 3.2
     > requireNamespace("rlang")
     Loading required namespace: rlang
     >
     > library("testthat")
     > library("rlang")
    
     Attaching package: 'rlang'
    
     The following objects are masked from 'package:testthat':
    
     is_false, is_null, is_true
    
     >
     > test_check("rlang")
     foo
     w finalized
     ══ Skipped tests ═══════════════════════════════════════════════════════════════
     • !nzchar(Sys.getenv("RLANG_FULL_TESTS")) is TRUE (1)
     • Cannot set MBCS locale (1)
     • Disabled (1)
     • Failing (1)
     • On CRAN (45)
     • Until the workaround is in place (1)
     • rlanglibtest cannot be loaded (1)
    
     ══ Failed tests ════════════════════════════════════════════════════════════════
     ── Error (test-quo.R:288:3): as_quosure() still provides default env ───────────
     Error: `quo` must be a quosure
     Backtrace:
     █
     1. ├─rlang:::expect_reference(quo_get_env(quo), current_env()) test-quo.R:288:2
     2. │ ├─testthat::expect_true(is_reference(object, expected)) helper-rlang.R:70:2
     3. │ │ └─testthat::quasi_label(enquo(object), label, arg = "object")
     4. │ │ └─rlang::eval_bare(expr, quo_get_env(quo))
     5. │ └─rlang::is_reference(object, expected)
     6. └─rlang::quo_get_env(quo)
    
     [ FAIL 1 | WARN 0 | SKIP 51 | PASS 2728 ]
     Error: Test failures
     Execution halted
Flavor: r-devel-linux-x86_64-fedora-clang

Version: 0.4.11
Check: tests
Result: ERROR
     Running ‘sink.R’
     Running ‘testthat.R’ [42s/59s]
    Running the tests in ‘tests/testthat.R’ failed.
    Complete output:
     > # Workaround for loadNamespace() failure on R 3.2
     > requireNamespace("rlang")
     Loading required namespace: rlang
     >
     > library("testthat")
     > library("rlang")
    
     Attaching package: 'rlang'
    
     The following objects are masked from 'package:testthat':
    
     is_false, is_null, is_true
    
     >
     > test_check("rlang")
     foo
     w finalized
     ══ Skipped tests ═══════════════════════════════════════════════════════════════
     • !nzchar(Sys.getenv("RLANG_FULL_TESTS")) is TRUE (1)
     • Cannot set MBCS locale (1)
     • Disabled (1)
     • Failing (1)
     • On CRAN (45)
     • Until the workaround is in place (1)
     • rlanglibtest cannot be loaded (1)
    
     ══ Failed tests ════════════════════════════════════════════════════════════════
     ── Error (test-quo.R:288:3): as_quosure() still provides default env ───────────
     Error: `quo` must be a quosure
     Backtrace:
     █
     1. ├─rlang:::expect_reference(quo_get_env(quo), current_env()) test-quo.R:288:2
     2. │ ├─testthat::expect_true(is_reference(object, expected)) helper-rlang.R:70:2
     3. │ │ └─testthat::quasi_label(enquo(object), label, arg = "object")
     4. │ │ └─rlang::eval_bare(expr, quo_get_env(quo))
     5. │ └─rlang::is_reference(object, expected)
     6. └─rlang::quo_get_env(quo)
    
     [ FAIL 1 | WARN 0 | SKIP 51 | PASS 2728 ]
     Error: Test failures
     Execution halted
Flavor: r-devel-linux-x86_64-fedora-gcc

Version: 0.4.11
Check: tests
Result: ERROR
     Running 'sink.R' [0s]
     Running 'testthat.R' [27s]
    Running the tests in 'tests/testthat.R' failed.
    Complete output:
     > # Workaround for loadNamespace() failure on R 3.2
     > requireNamespace("rlang")
     Loading required namespace: rlang
     >
     > library("testthat")
     > library("rlang")
    
     Attaching package: 'rlang'
    
     The following objects are masked from 'package:testthat':
    
     is_false, is_null, is_true
    
     >
     > test_check("rlang")
     foo
     w finalized
     == Skipped tests ===============================================================
     * !nzchar(Sys.getenv("RLANG_FULL_TESTS")) is TRUE (1)
     * Disabled (1)
     * Failing (1)
     * On CRAN (40)
     * On Windows (5)
     * Until the workaround is in place (1)
     * rlanglibtest cannot be loaded (1)
    
     == Failed tests ================================================================
     -- Error (test-quo.R:288:3): as_quosure() still provides default env -----------
     Error: `quo` must be a quosure
     Backtrace:
     x
     1. +-rlang:::expect_reference(quo_get_env(quo), current_env()) test-quo.R:288:2
     2. | +-testthat::expect_true(is_reference(object, expected)) d:\RCompile\CRANpkg\local\4.2\rlang.Rcheck\tests\testthat\helper-rlang.R:70:2
     3. | | \-testthat::quasi_label(enquo(object), label, arg = "object")
     4. | | \-rlang::eval_bare(expr, quo_get_env(quo))
     5. | \-rlang::is_reference(object, expected)
     6. \-rlang::quo_get_env(quo)
    
     [ FAIL 1 | WARN 0 | SKIP 50 | PASS 2729 ]
     Error: Test failures
     Execution halted
Flavor: r-devel-windows-x86_64

Version: 0.4.11
Check: whether package can be installed
Result: WARN
    Found the following significant warnings:
     internal/hash.c:142:16: warning: too many arguments for format [-Wformat-extra-args]
Flavor: r-devel-windows-x86_64-gcc10-UCRT

Version: 0.4.11
Check: tests
Result: ERROR
     Running 'sink.R'
     Running 'testthat.R'
    Running the tests in 'tests/testthat.R' failed.
    Complete output:
     > # Workaround for loadNamespace() failure on R 3.2
     > requireNamespace("rlang")
     Loading required namespace: rlang
     >
     > library("testthat")
     > library("rlang")
    
     Attaching package: 'rlang'
    
     The following objects are masked from 'package:testthat':
    
     is_false, is_null, is_true
    
     >
     > test_check("rlang")
     foo
     w finalized
     ══ Skipped tests ═══════════════════════════════════════════════════════════════
     • !nzchar(Sys.getenv("RLANG_FULL_TESTS")) is TRUE (1)
     • Disabled (1)
     • Failing (1)
     • No alien language string available (4)
     • On CRAN (40)
     • On Windows (5)
     • Until the workaround is in place (1)
     • rlanglibtest cannot be loaded (1)
    
     ══ Failed tests ════════════════════════════════════════════════════════════════
     ── Error (test-quo.R:288:3): as_quosure() still provides default env ───────────
     Error: `quo` must be a quosure
     Backtrace:
     █
     1. ├─rlang:::expect_reference(quo_get_env(quo), current_env()) test-quo.R:288:2
     2. │ ├─testthat::expect_true(is_reference(object, expected)) C:\r_packages\pkgcheck\CRAN\rlang\rlang.Rcheck\tests\testthat\helper-rlang.R:70:2
     3. │ │ └─testthat::quasi_label(enquo(object), label, arg = "object")
     4. │ │ └─rlang::eval_bare(expr, quo_get_env(quo))
     5. │ └─rlang::is_reference(object, expected)
     6. └─rlang::quo_get_env(quo)
    
     [ FAIL 1 | WARN 0 | SKIP 54 | PASS 2724 ]
     Error: Test failures
     Execution halted
Flavor: r-devel-windows-x86_64-gcc10-UCRT

Version: 0.4.11
Check: tests
Result: ERROR
     Running ‘sink.R’ [0s/1s]
     Running ‘testthat.R’ [34s/44s]
    Running the tests in ‘tests/testthat.R’ failed.
    Complete output:
     > # Workaround for loadNamespace() failure on R 3.2
     > requireNamespace("rlang")
     Loading required namespace: rlang
     >
     > library("testthat")
     > library("rlang")
    
     Attaching package: 'rlang'
    
     The following objects are masked from 'package:testthat':
    
     is_false, is_null, is_true
    
     >
     > test_check("rlang")
     foo
     w finalized
     ══ Skipped tests ═══════════════════════════════════════════════════════════════
     • !nzchar(Sys.getenv("RLANG_FULL_TESTS")) is TRUE (1)
     • Cannot set MBCS locale (1)
     • Disabled (1)
     • Failing (1)
     • On CRAN (45)
     • Until the workaround is in place (1)
     • rlanglibtest cannot be loaded (1)
    
     ══ Failed tests ════════════════════════════════════════════════════════════════
     ── Error (test-quo.R:288:3): as_quosure() still provides default env ───────────
     Error: `quo` must be a quosure
     Backtrace:
     █
     1. ├─rlang:::expect_reference(quo_get_env(quo), current_env()) test-quo.R:288:2
     2. │ ├─testthat::expect_true(is_reference(object, expected)) helper-rlang.R:70:2
     3. │ │ └─testthat::quasi_label(enquo(object), label, arg = "object")
     4. │ │ └─rlang::eval_bare(expr, quo_get_env(quo))
     5. │ └─rlang::is_reference(object, expected)
     6. └─rlang::quo_get_env(quo)
    
     [ FAIL 1 | WARN 0 | SKIP 51 | PASS 2728 ]
     Error: Test failures
     Execution halted
Flavor: r-patched-linux-x86_64

Version: 0.4.11
Check: tests
Result: ERROR
     Running ‘sink.R’
     Running ‘testthat.R’ [54s/56s]
    Running the tests in ‘tests/testthat.R’ failed.
    Complete output:
     > # Workaround for loadNamespace() failure on R 3.2
     > requireNamespace("rlang")
     Loading required namespace: rlang
     >
     > library("testthat")
     > library("rlang")
    
     Attaching package: 'rlang'
    
     The following objects are masked from 'package:testthat':
    
     is_false, is_null, is_true
    
     >
     > test_check("rlang")
     foo
     w finalized
     ══ Skipped tests ═══════════════════════════════════════════════════════════════
     • !nzchar(Sys.getenv("RLANG_FULL_TESTS")) is TRUE (1)
     • !rmarkdown::pandoc_available() is TRUE (1)
     • Cannot set MBCS locale (1)
     • Disabled (1)
     • Failing (1)
     • On CRAN (45)
     • Until the workaround is in place (1)
     • rlanglibtest cannot be loaded (1)
    
     ══ Failed tests ════════════════════════════════════════════════════════════════
     ── Error (test-quo.R:288:3): as_quosure() still provides default env ───────────
     Error: `quo` must be a quosure
     Backtrace:
     █
     1. ├─rlang:::expect_reference(quo_get_env(quo), current_env()) test-quo.R:288:2
     2. │ ├─testthat::expect_true(is_reference(object, expected)) helper-rlang.R:70:2
     3. │ │ └─testthat::quasi_label(enquo(object), label, arg = "object")
     4. │ │ └─rlang::eval_bare(expr, quo_get_env(quo))
     5. │ └─rlang::is_reference(object, expected)
     6. └─rlang::quo_get_env(quo)
    
     [ FAIL 1 | WARN 0 | SKIP 52 | PASS 2727 ]
     Error: Test failures
     Execution halted
Flavor: r-patched-solaris-x86

Version: 0.4.11
Check: tests
Result: ERROR
     Running ‘sink.R’ [0s/1s]
     Running ‘testthat.R’ [35s/44s]
    Running the tests in ‘tests/testthat.R’ failed.
    Complete output:
     > # Workaround for loadNamespace() failure on R 3.2
     > requireNamespace("rlang")
     Loading required namespace: rlang
     >
     > library("testthat")
     > library("rlang")
    
     Attaching package: 'rlang'
    
     The following objects are masked from 'package:testthat':
    
     is_false, is_null, is_true
    
     >
     > test_check("rlang")
     foo
     w finalized
     ══ Skipped tests ═══════════════════════════════════════════════════════════════
     • !nzchar(Sys.getenv("RLANG_FULL_TESTS")) is TRUE (1)
     • Cannot set MBCS locale (1)
     • Disabled (1)
     • Failing (1)
     • On CRAN (45)
     • Until the workaround is in place (1)
     • rlanglibtest cannot be loaded (1)
    
     ══ Failed tests ════════════════════════════════════════════════════════════════
     ── Error (test-quo.R:288:3): as_quosure() still provides default env ───────────
     Error: `quo` must be a quosure
     Backtrace:
     █
     1. ├─rlang:::expect_reference(quo_get_env(quo), current_env()) test-quo.R:288:2
     2. │ ├─testthat::expect_true(is_reference(object, expected)) helper-rlang.R:70:2
     3. │ │ └─testthat::quasi_label(enquo(object), label, arg = "object")
     4. │ │ └─rlang::eval_bare(expr, quo_get_env(quo))
     5. │ └─rlang::is_reference(object, expected)
     6. └─rlang::quo_get_env(quo)
    
     [ FAIL 1 | WARN 0 | SKIP 51 | PASS 2728 ]
     Error: Test failures
     Execution halted
Flavor: r-release-linux-x86_64

Version: 0.4.11
Check: Rd cross-references
Result: NOTE
    Package unavailable to check Rd xrefs: ‘glue’
Flavor: r-release-macos-x86_64

Version: 0.4.11
Check: running tests for arch ‘i386’
Result: ERROR
     Running 'sink.R' [0s]
     Running 'testthat.R' [34s]
    Running the tests in 'tests/testthat.R' failed.
    Complete output:
     > # Workaround for loadNamespace() failure on R 3.2
     > requireNamespace("rlang")
     Loading required namespace: rlang
     >
     > library("testthat")
     > library("rlang")
    
     Attaching package: 'rlang'
    
     The following objects are masked from 'package:testthat':
    
     is_false, is_null, is_true
    
     >
     > test_check("rlang")
     foo
     w finalized
     == Skipped tests ===============================================================
     * !nzchar(Sys.getenv("RLANG_FULL_TESTS")) is TRUE (1)
     * Disabled (1)
     * Failing (1)
     * On CRAN (40)
     * On Windows (5)
     * Until the workaround is in place (1)
     * rlanglibtest cannot be loaded (1)
    
     == Failed tests ================================================================
     -- Error (test-quo.R:288:3): as_quosure() still provides default env -----------
     Error: `quo` must be a quosure
     Backtrace:
     x
     1. +-rlang:::expect_reference(quo_get_env(quo), current_env()) test-quo.R:288:2
     2. | +-testthat::expect_true(is_reference(object, expected)) d:\RCompile\CRANpkg\local\4.1\rlang.Rcheck\tests_i386\testthat\helper-rlang.R:70:2
     3. | | \-testthat::quasi_label(enquo(object), label, arg = "object")
     4. | | \-rlang::eval_bare(expr, quo_get_env(quo))
     5. | \-rlang::is_reference(object, expected)
     6. \-rlang::quo_get_env(quo)
    
     [ FAIL 1 | WARN 0 | SKIP 50 | PASS 2729 ]
     Error: Test failures
     Execution halted
Flavor: r-release-windows-ix86+x86_64

Version: 0.4.11
Check: running tests for arch ‘x64’
Result: ERROR
     Running 'sink.R' [0s]
     Running 'testthat.R' [35s]
    Running the tests in 'tests/testthat.R' failed.
    Complete output:
     > # Workaround for loadNamespace() failure on R 3.2
     > requireNamespace("rlang")
     Loading required namespace: rlang
     >
     > library("testthat")
     > library("rlang")
    
     Attaching package: 'rlang'
    
     The following objects are masked from 'package:testthat':
    
     is_false, is_null, is_true
    
     >
     > test_check("rlang")
     foo
     w finalized
     == Skipped tests ===============================================================
     * !nzchar(Sys.getenv("RLANG_FULL_TESTS")) is TRUE (1)
     * Disabled (1)
     * Failing (1)
     * On CRAN (40)
     * On Windows (5)
     * Until the workaround is in place (1)
     * rlanglibtest cannot be loaded (1)
    
     == Failed tests ================================================================
     -- Error (test-quo.R:288:3): as_quosure() still provides default env -----------
     Error: `quo` must be a quosure
     Backtrace:
     x
     1. +-rlang:::expect_reference(quo_get_env(quo), current_env()) test-quo.R:288:2
     2. | +-testthat::expect_true(is_reference(object, expected)) d:\RCompile\CRANpkg\local\4.1\rlang.Rcheck\tests_x64\testthat\helper-rlang.R:70:2
     3. | | \-testthat::quasi_label(enquo(object), label, arg = "object")
     4. | | \-rlang::eval_bare(expr, quo_get_env(quo))
     5. | \-rlang::is_reference(object, expected)
     6. \-rlang::quo_get_env(quo)
    
     [ FAIL 1 | WARN 0 | SKIP 50 | PASS 2729 ]
     Error: Test failures
     Execution halted
Flavor: r-release-windows-ix86+x86_64

Version: 0.4.11
Check: running tests for arch ‘i386’
Result: ERROR
     Running 'sink.R' [0s]
     Running 'testthat.R' [33s]
    Running the tests in 'tests/testthat.R' failed.
    Complete output:
     > # Workaround for loadNamespace() failure on R 3.2
     > requireNamespace("rlang")
     Loading required namespace: rlang
     >
     > library("testthat")
     > library("rlang")
    
     Attaching package: 'rlang'
    
     The following objects are masked from 'package:testthat':
    
     is_false, is_null, is_true
    
     >
     > test_check("rlang")
     foo
     w finalized
     == Skipped tests ===============================================================
     * !nzchar(Sys.getenv("RLANG_FULL_TESTS")) is TRUE (1)
     * Disabled (1)
     * Failing (1)
     * On CRAN (40)
     * On Windows (5)
     * Until the workaround is in place (1)
     * rlanglibtest cannot be loaded (1)
    
     == Failed tests ================================================================
     -- Error (test-quo.R:288:3): as_quosure() still provides default env -----------
     Error: `quo` must be a quosure
     Backtrace:
     x
     1. +-rlang:::expect_reference(quo_get_env(quo), current_env()) test-quo.R:288:2
     2. | +-testthat::expect_true(is_reference(object, expected)) d:\RCompile\CRANpkg\local\4.0\rlang.Rcheck\tests_i386\testthat\helper-rlang.R:70:2
     3. | | \-testthat::quasi_label(enquo(object), label, arg = "object")
     4. | | \-rlang::eval_bare(expr, quo_get_env(quo))
     5. | \-rlang::is_reference(object, expected)
     6. \-rlang::quo_get_env(quo)
    
     [ FAIL 1 | WARN 0 | SKIP 50 | PASS 2729 ]
     Error: Test failures
     Execution halted
Flavor: r-oldrel-windows-ix86+x86_64

Version: 0.4.11
Check: running tests for arch ‘x64’
Result: ERROR
     Running 'sink.R' [0s]
     Running 'testthat.R' [37s]
    Running the tests in 'tests/testthat.R' failed.
    Complete output:
     > # Workaround for loadNamespace() failure on R 3.2
     > requireNamespace("rlang")
     Loading required namespace: rlang
     >
     > library("testthat")
     > library("rlang")
    
     Attaching package: 'rlang'
    
     The following objects are masked from 'package:testthat':
    
     is_false, is_null, is_true
    
     >
     > test_check("rlang")
     foo
     w finalized
     == Skipped tests ===============================================================
     * !nzchar(Sys.getenv("RLANG_FULL_TESTS")) is TRUE (1)
     * Disabled (1)
     * Failing (1)
     * On CRAN (40)
     * On Windows (5)
     * Until the workaround is in place (1)
     * rlanglibtest cannot be loaded (1)
    
     == Failed tests ================================================================
     -- Error (test-quo.R:288:3): as_quosure() still provides default env -----------
     Error: `quo` must be a quosure
     Backtrace:
     x
     1. +-rlang:::expect_reference(quo_get_env(quo), current_env()) test-quo.R:288:2
     2. | +-testthat::expect_true(is_reference(object, expected)) d:\RCompile\CRANpkg\local\4.0\rlang.Rcheck\tests_x64\testthat\helper-rlang.R:70:2
     3. | | \-testthat::quasi_label(enquo(object), label, arg = "object")
     4. | | \-rlang::eval_bare(expr, quo_get_env(quo))
     5. | \-rlang::is_reference(object, expected)
     6. \-rlang::quo_get_env(quo)
    
     [ FAIL 1 | WARN 0 | SKIP 50 | PASS 2729 ]
     Error: Test failures
     Execution halted
Flavor: r-oldrel-windows-ix86+x86_64