Last updated on 2023-02-07 19:58:20 CET.
Flavor | Version | Tinstall | Tcheck | Ttotal | Status | Flags |
---|---|---|---|---|---|---|
r-devel-linux-x86_64-debian-clang | 0.2 | 29.14 | 265.70 | 294.84 | OK | |
r-devel-linux-x86_64-debian-gcc | 0.2 | 24.06 | 195.44 | 219.50 | OK | |
r-devel-linux-x86_64-fedora-clang | 0.2 | 369.11 | NOTE | |||
r-devel-linux-x86_64-fedora-gcc | 0.2 | 359.69 | OK | |||
r-devel-windows-x86_64 | 0.2 | 42.00 | 262.00 | 304.00 | OK | |
r-patched-linux-x86_64 | 0.2 | 25.15 | 259.05 | 284.20 | OK | |
r-release-linux-x86_64 | 0.2 | 32.76 | 261.85 | 294.61 | OK | |
r-release-macos-arm64 | 0.2 | 71.00 | OK | |||
r-release-macos-x86_64 | 0.2 | 100.00 | OK | |||
r-release-windows-x86_64 | 0.2 | 52.00 | 271.00 | 323.00 | OK | |
r-oldrel-macos-arm64 | 0.2 | 42.00 | OK | |||
r-oldrel-macos-x86_64 | 0.2 | 71.00 | OK | |||
r-oldrel-windows-ix86+x86_64 | 0.2 | 64.00 | 256.00 | 320.00 | OK |
Version: 0.2
Check: Rd cross-references
Result: NOTE
Undeclared package ‘rgdal’ in Rd xrefs
Flavor: r-devel-linux-x86_64-fedora-clang