CRAN Package Check Results for Package rlecuyer

Last updated on 2022-12-05 19:51:40 CET.

Flavor Version Tinstall Tcheck Ttotal Status Flags
r-devel-linux-x86_64-debian-clang 0.3-5 4.26 24.03 28.29 WARN
r-devel-linux-x86_64-debian-gcc 0.3-5 2.79 18.72 21.51 WARN
r-devel-linux-x86_64-fedora-clang 0.3-5 45.02 WARN
r-devel-linux-x86_64-fedora-gcc 0.3-5 42.68 WARN
r-devel-windows-x86_64 0.3-5 22.00 51.00 73.00 OK
r-patched-linux-x86_64 0.3-5 3.14 22.11 25.25 OK
r-release-linux-x86_64 0.3-5 3.15 22.72 25.87 OK
r-release-macos-arm64 0.3-5 15.00 OK
r-release-macos-x86_64 0.3-5 25.00 OK
r-release-windows-x86_64 0.3-5 9.00 45.00 54.00 OK
r-oldrel-macos-arm64 0.3-5 20.00 OK
r-oldrel-macos-x86_64 0.3-5 28.00 OK
r-oldrel-windows-ix86+x86_64 0.3-5 10.00 32.00 42.00 OK

Check Details

Version: 0.3-5
Check: whether package can be installed
Result: WARN
    Found the following significant warnings:
     RngWrap.c:12:29: warning: a function declaration without a prototype is deprecated in all versions of C [-Wstrict-prototypes]
     RngWrap.c:23:29: warning: a function declaration without a prototype is deprecated in all versions of C [-Wstrict-prototypes]
     RngWrap.c:304:26: warning: a function declaration without a prototype is deprecated in all versions of C [-Wstrict-prototypes]
     RngWrap.c:328:24: warning: a function declaration without a prototype is deprecated in all versions of C [-Wstrict-prototypes]
     zzz.c:11:30: warning: a function declaration without a prototype is deprecated in all versions of C [-Wstrict-prototypes]
     zzz.c:13:26: warning: a function declaration without a prototype is deprecated in all versions of C [-Wstrict-prototypes]
     zzz.c:17:30: warning: a function declaration without a prototype is deprecated in all versions of C [-Wstrict-prototypes]
Flavors: r-devel-linux-x86_64-debian-clang, r-devel-linux-x86_64-fedora-clang

Version: 0.3-5
Check: whether package can be installed
Result: WARN
    Found the following significant warnings:
     RngWrap.c:12:6: warning: function declaration isn’t a prototype [-Wstrict-prototypes]
     RngWrap.c:23:6: warning: function declaration isn’t a prototype [-Wstrict-prototypes]
     RngWrap.c:304:6: warning: function declaration isn’t a prototype [-Wstrict-prototypes]
     zzz.c:11:1: warning: function declaration isn’t a prototype [-Wstrict-prototypes]
     zzz.c:13:1: warning: function declaration isn’t a prototype [-Wstrict-prototypes]
     zzz.c:17:1: warning: function declaration isn’t a prototype [-Wstrict-prototypes]
Flavors: r-devel-linux-x86_64-debian-gcc, r-devel-linux-x86_64-fedora-gcc