CRAN Package Check Results for Package rlog

Last updated on 2022-05-25 21:53:09 CEST.

Flavor Version Tinstall Tcheck Ttotal Status Flags
r-devel-linux-x86_64-debian-clang 0.1.0 1.67 30.72 32.39 NOTE
r-devel-linux-x86_64-debian-gcc 0.1.0 1.55 24.22 25.77 NOTE
r-devel-linux-x86_64-fedora-clang 0.1.0 41.74 NOTE
r-devel-linux-x86_64-fedora-gcc 0.1.0 29.02 NOTE
r-devel-windows-x86_64 0.1.0 9.00 49.00 58.00 NOTE
r-patched-linux-x86_64 0.1.0 1.98 29.76 31.74 NOTE
r-release-linux-x86_64 0.1.0 NOTE
r-release-macos-arm64 0.1.0 13.00 NOTE
r-release-macos-x86_64 0.1.0 20.00 NOTE
r-release-windows-x86_64 0.1.0 10.00 48.00 58.00 NOTE
r-oldrel-macos-arm64 0.1.0 16.00 NOTE
r-oldrel-macos-x86_64 0.1.0 24.00 NOTE
r-oldrel-windows-ix86+x86_64 0.1.0 5.00 40.00 45.00 NOTE

Check Details

Version: 0.1.0
Check: LazyData
Result: NOTE
     'LazyData' is specified without a 'data' directory
Flavors: r-devel-linux-x86_64-debian-clang, r-devel-linux-x86_64-debian-gcc, r-devel-linux-x86_64-fedora-clang, r-devel-linux-x86_64-fedora-gcc, r-devel-windows-x86_64, r-patched-linux-x86_64, r-release-linux-x86_64, r-release-macos-arm64, r-release-macos-x86_64, r-release-windows-x86_64, r-oldrel-macos-arm64, r-oldrel-macos-x86_64, r-oldrel-windows-ix86+x86_64