CRAN Package Check Results for Package rma.exact

Last updated on 2021-11-29 19:51:42 CET.

Flavor Version Tinstall Tcheck Ttotal Status Flags
r-devel-linux-x86_64-debian-clang 0.1.0 2.71 28.86 31.57 NOTE
r-devel-linux-x86_64-debian-gcc 0.1.0 2.12 23.08 25.20 NOTE
r-devel-linux-x86_64-fedora-clang 0.1.0 50.87 NOTE
r-devel-linux-x86_64-fedora-gcc 0.1.0 39.58 NOTE
r-devel-windows-x86_64-new-UL 0.1.0 7.00 68.00 75.00 NOTE
r-devel-windows-x86_64-new-TK 0.1.0 NOTE
r-devel-windows-x86_64-old 0.1.0 5.00 37.00 42.00 NOTE
r-patched-linux-x86_64 0.1.0 2.93 28.03 30.96 NOTE
r-patched-solaris-x86 0.1.0 59.90 NOTE
r-release-linux-x86_64 0.1.0 2.84 27.67 30.51 NOTE
r-release-macos-arm64 0.1.0 NOTE
r-release-macos-x86_64 0.1.0 NOTE
r-release-windows-ix86+x86_64 0.1.0 6.00 33.00 39.00 NOTE
r-oldrel-macos-x86_64 0.1.0 OK
r-oldrel-windows-ix86+x86_64 0.1.0 6.00 46.00 52.00 OK

Check Details

Version: 0.1.0
Check: LazyData
Result: NOTE
     'LazyData' is specified without a 'data' directory
Flavors: r-devel-linux-x86_64-debian-clang, r-devel-linux-x86_64-debian-gcc, r-devel-linux-x86_64-fedora-clang, r-devel-linux-x86_64-fedora-gcc, r-devel-windows-x86_64-new-UL, r-devel-windows-x86_64-new-TK, r-devel-windows-x86_64-old, r-patched-linux-x86_64, r-patched-solaris-x86, r-release-linux-x86_64, r-release-macos-arm64, r-release-macos-x86_64, r-release-windows-ix86+x86_64