Last updated on 2023-12-10 19:49:23 CET.
Flavor | Version | Tinstall | Tcheck | Ttotal | Status | Flags |
---|---|---|---|---|---|---|
r-devel-linux-x86_64-debian-clang | 0.5.1 | 5.69 | 106.72 | 112.41 | OK | |
r-devel-linux-x86_64-debian-gcc | 0.5.1 | 4.37 | 80.40 | 84.77 | OK | |
r-devel-linux-x86_64-fedora-clang | 0.5.1 | 145.24 | NOTE | |||
r-devel-linux-x86_64-fedora-gcc | 0.5.1 | 157.23 | NOTE | |||
r-devel-windows-x86_64 | 0.5.1 | 6.00 | 101.00 | 107.00 | OK | |
r-patched-linux-x86_64 | 0.5.1 | 3.62 | 105.65 | 109.27 | OK | |
r-release-linux-x86_64 | 0.5.1 | 3.67 | 105.52 | 109.19 | OK | |
r-release-macos-arm64 | 0.5.1 | 61.00 | OK | |||
r-release-macos-x86_64 | 0.5.1 | 88.00 | OK | |||
r-release-windows-x86_64 | 0.5.1 | 7.00 | 121.00 | 128.00 | OK | |
r-oldrel-macos-arm64 | 0.5.1 | 41.00 | OK | |||
r-oldrel-macos-x86_64 | 0.5.1 | 59.00 | OK | |||
r-oldrel-windows-x86_64 | 0.5.1 | 7.00 | 117.00 | 124.00 | OK |
Version: 0.5.1
Check: data for non-ASCII characters
Result: NOTE
Note: found 31 marked UTF-8 strings
Flavors: r-devel-linux-x86_64-fedora-clang, r-devel-linux-x86_64-fedora-gcc