CRAN Package Check Results for Package rmarchingcubes

Last updated on 2024-02-24 19:50:50 CET.

Flavor Version Tinstall Tcheck Ttotal Status Flags
r-devel-linux-x86_64-debian-clang 0.1.3 47.73 52.22 99.95 NOTE
r-devel-linux-x86_64-debian-gcc 0.1.3 32.63 39.23 71.86 NOTE
r-devel-linux-x86_64-fedora-clang 0.1.3 135.86 NOTE
r-devel-linux-x86_64-fedora-gcc 0.1.3 141.86 NOTE
r-devel-windows-x86_64 0.1.3 35.00 76.00 111.00 NOTE
r-patched-linux-x86_64 0.1.3 39.03 49.42 88.45 NOTE
r-release-linux-x86_64 0.1.3 40.58 49.67 90.25 NOTE
r-release-macos-arm64 0.1.3 38.00 NOTE
r-release-macos-x86_64 0.1.3 60.00 NOTE
r-release-windows-x86_64 0.1.3 45.00 90.00 135.00 NOTE
r-oldrel-macos-arm64 0.1.3 37.00 OK
r-oldrel-windows-x86_64 0.1.3 44.00 90.00 134.00 OK

Check Details

Version: 0.1.3
Check: C++ specification
Result: NOTE Specified C++11: please drop specification unless essential Flavors: r-devel-linux-x86_64-debian-clang, r-devel-linux-x86_64-debian-gcc, r-devel-linux-x86_64-fedora-clang, r-devel-linux-x86_64-fedora-gcc, r-devel-windows-x86_64, r-patched-linux-x86_64, r-release-linux-x86_64, r-release-macos-arm64, r-release-macos-x86_64, r-release-windows-x86_64