Last updated on 2021-01-18 19:50:18 CET.
Flavor | Version | Tinstall | Tcheck | Ttotal | Status | Flags |
---|---|---|---|---|---|---|
r-devel-linux-x86_64-debian-clang | 2.6 | 11.33 | 63.76 | 75.09 | OK | |
r-devel-linux-x86_64-debian-gcc | 2.6 | 9.14 | 49.22 | 58.36 | OK | |
r-devel-linux-x86_64-fedora-clang | 2.6 | 98.65 | NOTE | |||
r-devel-linux-x86_64-fedora-gcc | 2.6 | 89.02 | OK | |||
r-devel-windows-ix86+x86_64 | 2.6 | 14.00 | 69.00 | 83.00 | NOTE | |
r-patched-linux-x86_64 | 2.6 | 11.92 | 60.25 | 72.17 | OK | |
r-patched-solaris-x86 | 2.6 | 119.80 | NOTE | |||
r-release-linux-x86_64 | 2.6 | 9.04 | 60.46 | 69.50 | OK | |
r-release-macos-x86_64 | 2.6 | NOTE | ||||
r-release-windows-ix86+x86_64 | 2.6 | 16.00 | 65.00 | 81.00 | NOTE | |
r-oldrel-macos-x86_64 | 2.6 | NOTE | ||||
r-oldrel-windows-ix86+x86_64 | 2.6 | 16.00 | 74.00 | 90.00 | NOTE |
Version: 2.6
Check: installed package size
Result: NOTE
installed size is 9.3Mb
sub-directories of 1Mb or more:
rmd 8.3Mb
Flavors: r-devel-linux-x86_64-fedora-clang, r-devel-windows-ix86+x86_64, r-patched-solaris-x86, r-release-macos-x86_64, r-release-windows-ix86+x86_64, r-oldrel-macos-x86_64, r-oldrel-windows-ix86+x86_64