Last updated on 2022-05-26 21:50:16 CEST.
Flavor | Version | Tinstall | Tcheck | Ttotal | Status | Flags |
---|---|---|---|---|---|---|
r-devel-linux-x86_64-debian-clang | 1.2.4 | 390.37 | 239.95 | 630.32 | NOTE | |
r-devel-linux-x86_64-debian-gcc | 1.2.4 | 347.50 | 206.86 | 554.36 | NOTE | |
r-devel-linux-x86_64-fedora-clang | 1.2.4 | 897.75 | NOTE | |||
r-devel-linux-x86_64-fedora-gcc | 1.2.4 | 831.69 | NOTE | |||
r-devel-windows-x86_64 | 1.2.4 | 250.00 | 294.00 | 544.00 | NOTE | |
r-patched-linux-x86_64 | 1.2.4 | 297.74 | 251.28 | 549.02 | NOTE | |
r-release-linux-x86_64 | 1.2.4 | 293.65 | 253.53 | 547.18 | NOTE | |
r-release-macos-arm64 | 1.2.4 | 195.00 | NOTE | |||
r-release-macos-x86_64 | 1.2.4 | 339.00 | NOTE | |||
r-release-windows-x86_64 | 1.2.4 | 236.00 | 290.00 | 526.00 | NOTE | |
r-oldrel-macos-arm64 | 1.2.4 | 185.00 | NOTE | |||
r-oldrel-macos-x86_64 | 1.2.4 | 250.00 | NOTE | |||
r-oldrel-windows-ix86+x86_64 | 1.2.4 | 587.00 | 11.00 | 598.00 | ERROR |
Version: 1.2.4
Check: for GNU extensions in Makefiles
Result: NOTE
GNU make is a SystemRequirements.
Flavors: r-devel-linux-x86_64-debian-clang, r-devel-linux-x86_64-debian-gcc, r-devel-linux-x86_64-fedora-clang, r-devel-linux-x86_64-fedora-gcc, r-devel-windows-x86_64, r-patched-linux-x86_64, r-release-linux-x86_64, r-release-macos-arm64, r-release-macos-x86_64, r-release-windows-x86_64, r-oldrel-macos-arm64, r-oldrel-macos-x86_64
Version: 1.2.4
Check: installed package size
Result: NOTE
installed size is 52.9Mb
sub-directories of 1Mb or more:
libs 52.2Mb
Flavors: r-devel-linux-x86_64-fedora-clang, r-release-macos-arm64, r-release-macos-x86_64, r-oldrel-macos-arm64, r-oldrel-macos-x86_64
Version: 1.2.4
Check: dependencies in R code
Result: NOTE
Namespace in Imports field not imported from: ‘RcppParallel’
All declared Imports should be used.
Flavors: r-devel-linux-x86_64-fedora-clang, r-devel-linux-x86_64-fedora-gcc, r-release-macos-arm64, r-release-macos-x86_64, r-oldrel-macos-arm64, r-oldrel-macos-x86_64
Version: 1.2.4
Check: whether package can be installed
Result: ERROR
Installation failed.
Flavor: r-oldrel-windows-ix86+x86_64