CRAN Package Check Results for Package rmetasim

Last updated on 2018-02-19 20:48:21 CET.

Flavor Version Tinstall Tcheck Ttotal Status Flags
r-devel-linux-x86_64-debian-clang 3.1.7 27.72 170.02 197.74 OK
r-devel-linux-x86_64-debian-gcc 3.1.7 21.40 162.99 184.39 OK
r-devel-linux-x86_64-fedora-clang 3.1.7 269.32 OK
r-devel-linux-x86_64-fedora-gcc 3.1.7 344.02 OK
r-devel-windows-ix86+x86_64 3.1.7 67.00 346.00 413.00 OK
r-patched-linux-x86_64 3.1.7 23.60 191.20 214.80 OK
r-patched-solaris-x86 3.1.7 534.20 OK
r-release-linux-x86_64 3.1.7 22.90 238.19 261.09 OK
r-release-windows-ix86+x86_64 3.1.7 52.00 268.00 320.00 OK
r-release-osx-x86_64 3.1.7 OK
r-oldrel-windows-ix86+x86_64 3.1.3 20.00 6.00 26.00 ERROR
r-oldrel-osx-x86_64 3.1.6 ERROR

Check Details

Version: 3.1.3
Check: whether package can be installed
Result: ERROR
    Installation failed.
Flavor: r-oldrel-windows-ix86+x86_64

Version: 3.1.6
Check: whether package can be installed
Result: ERROR
    Installation failed.
Flavor: r-oldrel-osx-x86_64