CRAN Package Check Results for Package rminizinc

Last updated on 2025-01-18 19:49:17 CET.

Flavor Version Tinstall Tcheck Ttotal Status Flags
r-devel-linux-x86_64-debian-clang 0.0.8 48.93 64.27 113.20 NOTE
r-devel-linux-x86_64-debian-gcc 0.0.8 28.81 46.45 75.26 NOTE
r-devel-linux-x86_64-fedora-clang 0.0.8 195.95 NOTE
r-devel-linux-x86_64-fedora-gcc 0.0.8 198.47 NOTE
r-devel-windows-x86_64 0.0.8 113.00 125.00 238.00 NOTE
r-patched-linux-x86_64 0.0.8 45.42 58.65 104.07 NOTE
r-release-linux-x86_64 0.0.8 44.09 58.10 102.19 NOTE
r-release-macos-arm64 0.0.8 68.00 NOTE
r-release-macos-x86_64 0.0.8 111.00 NOTE
r-release-windows-x86_64 0.0.8 116.00 111.00 227.00 NOTE
r-oldrel-macos-arm64 0.0.8 70.00 NOTE
r-oldrel-macos-x86_64 0.0.8 116.00 NOTE
r-oldrel-windows-x86_64 0.0.8 114.00 124.00 238.00 NOTE

Check Details

Version: 0.0.8
Check: C++ specification
Result: NOTE Specified C++11: please drop specification unless essential Flavors: r-devel-linux-x86_64-debian-clang, r-devel-linux-x86_64-debian-gcc, r-devel-linux-x86_64-fedora-clang, r-devel-linux-x86_64-fedora-gcc, r-devel-windows-x86_64, r-patched-linux-x86_64, r-release-linux-x86_64, r-release-macos-arm64, r-release-macos-x86_64, r-release-windows-x86_64, r-oldrel-macos-arm64, r-oldrel-macos-x86_64, r-oldrel-windows-x86_64

Version: 0.0.8
Check: installed package size
Result: NOTE installed size is 6.8Mb sub-directories of 1Mb or more: R 1.0Mb libs 1.1Mb minizinc 3.3Mb Flavors: r-release-macos-arm64, r-release-macos-x86_64, r-release-windows-x86_64, r-oldrel-macos-arm64, r-oldrel-macos-x86_64, r-oldrel-windows-x86_64