CRAN Package Check Results for Package rmonad

Last updated on 2024-03-02 19:50:28 CET.

Flavor Version Tinstall Tcheck Ttotal Status Flags
r-devel-linux-x86_64-debian-clang 0.7.0 5.46 102.82 108.28 NOTE
r-devel-linux-x86_64-debian-gcc 0.7.0 4.63 78.05 82.68 NOTE
r-devel-linux-x86_64-fedora-clang 0.7.0 130.07 NOTE
r-devel-linux-x86_64-fedora-gcc 0.7.0 136.77 NOTE
r-devel-windows-x86_64 0.7.0 6.00 98.00 104.00 NOTE
r-patched-linux-x86_64 0.7.0 6.64 99.78 106.42 OK
r-release-linux-x86_64 0.7.0 6.86 99.56 106.42 OK
r-release-macos-arm64 0.7.0 44.00 OK
r-release-macos-x86_64 0.7.0 59.00 OK
r-release-windows-x86_64 0.7.0 9.00 116.00 125.00 OK
r-oldrel-macos-arm64 0.7.0 33.00 OK
r-oldrel-windows-x86_64 0.7.0 11.00 116.00 127.00 OK

Check Details

Version: 0.7.0
Check: Rd \usage sections
Result: NOTE Documented arguments not in \usage in Rd file 'bind.Rd': ‘.single_on_bind’ Functions with \usage entries need to have the appropriate \alias entries, and all their arguments documented. The \usage entries must correspond to syntactically valid R code. See chapter ‘Writing R documentation files’ in the ‘Writing R Extensions’ manual. Flavors: r-devel-linux-x86_64-debian-clang, r-devel-linux-x86_64-debian-gcc, r-devel-linux-x86_64-fedora-clang, r-devel-linux-x86_64-fedora-gcc, r-devel-windows-x86_64