CRAN Package Check Results for Package rmumps

Last updated on 2024-02-28 19:49:47 CET.

Flavor Version Tinstall Tcheck Ttotal Status Flags
r-devel-linux-x86_64-debian-clang 5.2.1-27 348.21 64.14 412.35 NOTE
r-devel-linux-x86_64-debian-gcc 5.2.1-28 237.88 46.54 284.42 NOTE
r-devel-linux-x86_64-fedora-clang 5.2.1-28 568.01 WARN
r-devel-linux-x86_64-fedora-gcc 5.2.1-28 518.28 NOTE
r-devel-windows-x86_64 5.2.1-27 269.00 105.00 374.00 NOTE
r-patched-linux-x86_64 5.2.1-27 272.78 62.20 334.98 NOTE
r-release-linux-x86_64 5.2.1-27 270.69 61.19 331.88 NOTE
r-release-macos-arm64 5.2.1-28 163.00 NOTE
r-release-macos-x86_64 5.2.1-28 209.00 NOTE
r-release-windows-x86_64 5.2.1-28 263.00 107.00 370.00 NOTE
r-oldrel-macos-arm64 5.2.1-28 231.00 NOTE
r-oldrel-windows-x86_64 5.2.1-28 239.00 108.00 347.00 NOTE

Check Details

Version: 5.2.1-27
Check: for GNU extensions in Makefiles
Result: NOTE GNU make is a SystemRequirements. Flavors: r-devel-linux-x86_64-debian-clang, r-devel-windows-x86_64, r-patched-linux-x86_64, r-release-linux-x86_64

Version: 5.2.1-28
Check: for GNU extensions in Makefiles
Result: NOTE GNU make is a SystemRequirements. Flavors: r-devel-linux-x86_64-debian-gcc, r-devel-linux-x86_64-fedora-clang, r-devel-linux-x86_64-fedora-gcc, r-release-macos-arm64, r-release-macos-x86_64, r-release-windows-x86_64, r-oldrel-macos-arm64, r-oldrel-windows-x86_64

Version: 5.2.1-28
Check: whether package can be installed
Result: WARN Found the following significant warnings: /usr/include/features.h:412:4: warning: _FORTIFY_SOURCE requires compiling with optimization (-O) [-W#warnings] See ‘/data/gannet/ripley/R/packages/tests-clang/rmumps.Rcheck/00install.out’ for details. * used C compiler: ‘clang version 18.1.0rc’ * used C++ compiler: ‘clang version 18.1.0rc’ Flavor: r-devel-linux-x86_64-fedora-clang

Version: 5.2.1-28
Check: installed package size
Result: NOTE installed size is 12.1Mb sub-directories of 1Mb or more: libs 11.8Mb Flavors: r-release-macos-arm64, r-release-macos-x86_64, r-oldrel-macos-arm64