Last updated on 2023-02-05 19:51:25 CET.
Flavor | Version | Tinstall | Tcheck | Ttotal | Status | Flags |
---|---|---|---|---|---|---|
r-devel-linux-x86_64-debian-clang | 0.3.2 | 5.91 | 124.51 | 130.42 | NOTE | |
r-devel-linux-x86_64-debian-gcc | 0.3.2 | 5.00 | 92.16 | 97.16 | NOTE | |
r-devel-linux-x86_64-fedora-clang | 0.3.2 | 156.52 | NOTE | |||
r-devel-linux-x86_64-fedora-gcc | 0.3.2 | 163.62 | NOTE | |||
r-devel-windows-x86_64 | 0.3.2 | 28.00 | 161.00 | 189.00 | NOTE | |
r-patched-linux-x86_64 | 0.3.2 | 5.21 | 119.76 | 124.97 | NOTE | |
r-release-linux-x86_64 | 0.3.2 | 6.03 | 112.17 | 118.20 | NOTE | |
r-release-macos-arm64 | 0.3.2 | 47.00 | NOTE | |||
r-release-macos-x86_64 | 0.3.2 | 64.00 | NOTE | |||
r-release-windows-x86_64 | 0.3.2 | 32.00 | 162.00 | 194.00 | NOTE | |
r-oldrel-macos-arm64 | 0.3.2 | 52.00 | NOTE | |||
r-oldrel-macos-x86_64 | 0.3.2 | 68.00 | NOTE | |||
r-oldrel-windows-ix86+x86_64 | 0.3.2 | 18.00 | 162.00 | 180.00 | NOTE |
Version: 0.3.2
Check: package dependencies
Result: NOTE
Package suggested but not available for checking: ‘rnaturalearthhires’
Flavors: r-devel-linux-x86_64-debian-clang, r-devel-linux-x86_64-debian-gcc, r-devel-linux-x86_64-fedora-clang, r-devel-linux-x86_64-fedora-gcc, r-devel-windows-x86_64, r-patched-linux-x86_64, r-release-linux-x86_64, r-release-macos-arm64, r-release-macos-x86_64, r-release-windows-x86_64, r-oldrel-macos-arm64, r-oldrel-macos-x86_64, r-oldrel-windows-ix86+x86_64
Version: 0.3.2
Check: Rd cross-references
Result: NOTE
Undeclared package ‘raster’ in Rd xrefs
Flavor: r-devel-linux-x86_64-fedora-clang
Version: 0.3.2
Check: data for non-ASCII characters
Result: NOTE
Note: found 416 marked Latin-1 strings
Flavors: r-devel-linux-x86_64-fedora-clang, r-devel-linux-x86_64-fedora-gcc