CRAN Package Check Results for Package robustHD

Last updated on 2024-02-23 19:48:58 CET.

Flavor Version Tinstall Tcheck Ttotal Status Flags
r-devel-linux-x86_64-debian-clang 0.8.0 NOTE
r-devel-linux-x86_64-debian-gcc 0.8.0 108.82 102.82 211.64 NOTE
r-devel-linux-x86_64-fedora-clang 0.8.0 378.10 OK
r-devel-linux-x86_64-fedora-gcc 0.8.0 371.39 OK
r-devel-windows-x86_64 0.8.0 104.00 147.00 251.00 OK
r-patched-linux-x86_64 0.8.0 134.05 133.33 267.38 OK
r-release-linux-x86_64 0.8.0 138.28 133.49 271.77 OK
r-release-macos-arm64 0.8.0 87.00 NOTE
r-release-macos-x86_64 0.8.0 146.00 NOTE
r-release-windows-x86_64 0.8.0 134.00 175.00 309.00 OK
r-oldrel-macos-arm64 0.8.0 184.00 NOTE
r-oldrel-windows-x86_64 0.8.0 129.00 168.00 297.00 OK

Check Details

Version: 0.8.0
Check: Rd files
Result: NOTE checkRd: (-1) coefPlot.Rd:64: Lost braces 64 | for the degrees of freedom. For code{"sparseLTS"} objects, possible values | ^ checkRd: (-1) coefPlot.Rd:65: Lost braces 65 | are code{"lambda"} for the value of the penalty parameter (the default), or | ^ Flavors: r-devel-linux-x86_64-debian-clang, r-devel-linux-x86_64-debian-gcc

Version: 0.8.0
Check: installed package size
Result: NOTE installed size is 6.9Mb sub-directories of 1Mb or more: data 1.5Mb libs 4.9Mb Flavors: r-release-macos-arm64, r-release-macos-x86_64, r-oldrel-macos-arm64