CRAN Package Check Results for Package robustlm

Last updated on 2021-11-29 19:51:42 CET.

Flavor Version Tinstall Tcheck Ttotal Status Flags
r-devel-linux-x86_64-debian-clang 0.1.0 2.49 31.39 33.88 NOTE
r-devel-linux-x86_64-debian-gcc 0.1.0 1.94 23.73 25.67 NOTE
r-devel-linux-x86_64-fedora-clang 0.1.0 52.34 NOTE
r-devel-linux-x86_64-fedora-gcc 0.1.0 41.27 NOTE
r-devel-windows-x86_64-new-UL 0.1.0 7.00 68.00 75.00 NOTE
r-devel-windows-x86_64-new-TK 0.1.0 NOTE
r-devel-windows-x86_64-old 0.1.0 6.00 41.00 47.00 NOTE
r-patched-linux-x86_64 0.1.0 2.31 30.76 33.07 NOTE
r-patched-solaris-x86 0.1.0 51.20 NOTE
r-release-linux-x86_64 0.1.0 2.12 29.40 31.52 NOTE
r-release-macos-arm64 0.1.0 NOTE
r-release-macos-x86_64 0.1.0 NOTE
r-release-windows-ix86+x86_64 0.1.0 6.00 37.00 43.00 NOTE
r-oldrel-macos-x86_64 0.1.0 OK
r-oldrel-windows-ix86+x86_64 0.1.0 4.00 47.00 51.00 OK

Check Details

Version: 0.1.0
Check: LazyData
Result: NOTE
     'LazyData' is specified without a 'data' directory
Flavors: r-devel-linux-x86_64-debian-clang, r-devel-linux-x86_64-debian-gcc, r-devel-linux-x86_64-fedora-clang, r-devel-linux-x86_64-fedora-gcc, r-devel-windows-x86_64-new-UL, r-devel-windows-x86_64-new-TK, r-devel-windows-x86_64-old, r-patched-linux-x86_64, r-patched-solaris-x86, r-release-linux-x86_64, r-release-macos-arm64, r-release-macos-x86_64, r-release-windows-ix86+x86_64