Last updated on 2023-02-01 19:54:20 CET.
Flavor | Version | Tinstall | Tcheck | Ttotal | Status | Flags |
---|---|---|---|---|---|---|
r-devel-linux-x86_64-debian-clang | 3.1-2 | 69.01 | 371.28 | 440.29 | NOTE | |
r-devel-linux-x86_64-debian-gcc | 3.1-2 | 58.68 | 271.57 | 330.25 | NOTE | |
r-devel-linux-x86_64-fedora-clang | 3.1-2 | 553.12 | NOTE | |||
r-devel-linux-x86_64-fedora-gcc | 3.1-2 | 617.15 | NOTE | |||
r-devel-windows-x86_64 | 3.1-2 | 320.00 | 500.00 | 820.00 | NOTE | |
r-patched-linux-x86_64 | 3.1-2 | 70.32 | 344.04 | 414.36 | OK | |
r-release-linux-x86_64 | 3.1-2 | 60.46 | 351.11 | 411.57 | OK | |
r-release-macos-arm64 | 3.1-2 | 146.00 | NOTE | |||
r-release-macos-x86_64 | 3.1-2 | 222.00 | NOTE | |||
r-release-windows-x86_64 | 3.1-2 | 298.00 | 489.00 | 787.00 | NOTE | |
r-oldrel-macos-arm64 | 3.1-2 | 154.00 | NOTE | |||
r-oldrel-macos-x86_64 | 3.1-2 | 224.00 | NOTE | |||
r-oldrel-windows-ix86+x86_64 | 3.1-2 | 166.00 | 582.00 | 748.00 | NOTE |
Version: 3.1-2
Check: C++ specification
Result: NOTE
Specified C++11: please update to current default of C++17
Flavors: r-devel-linux-x86_64-debian-clang, r-devel-linux-x86_64-debian-gcc, r-devel-linux-x86_64-fedora-clang, r-devel-linux-x86_64-fedora-gcc, r-devel-windows-x86_64
Version: 3.1-2
Check: installed package size
Result: NOTE
installed size is 5.4Mb
sub-directories of 1Mb or more:
doc 1.7Mb
libs 1.3Mb
simulationStudy 1.6Mb
Flavors: r-devel-windows-x86_64, r-release-macos-arm64, r-release-macos-x86_64, r-release-windows-x86_64, r-oldrel-macos-arm64, r-oldrel-macos-x86_64, r-oldrel-windows-ix86+x86_64