CRAN Package Check Results for Package roll

Last updated on 2022-05-27 21:51:32 CEST.

Flavor Version Tinstall Tcheck Ttotal Status Flags
r-devel-linux-x86_64-debian-clang 1.1.6 62.58 41.00 103.58 NOTE
r-devel-linux-x86_64-debian-gcc 1.1.6 58.72 31.52 90.24 NOTE
r-devel-linux-x86_64-fedora-clang 1.1.6 142.48 NOTE
r-devel-linux-x86_64-fedora-gcc 1.1.6 124.98 NOTE
r-devel-windows-x86_64 1.1.6 49.00 84.00 133.00 NOTE
r-patched-linux-x86_64 1.1.6 61.53 38.99 100.52 NOTE
r-release-linux-x86_64 1.1.6 53.74 38.60 92.34 NOTE
r-release-macos-arm64 1.1.6 37.00 NOTE
r-release-macos-x86_64 1.1.6 47.00 NOTE
r-release-windows-x86_64 1.1.6 58.00 86.00 144.00 NOTE
r-oldrel-macos-arm64 1.1.6 41.00 NOTE
r-oldrel-macos-x86_64 1.1.6 75.00 NOTE
r-oldrel-windows-ix86+x86_64 1.1.6 138.00 90.00 228.00 NOTE

Check Details

Version: 1.1.6
Check: for GNU extensions in Makefiles
Result: NOTE
    GNU make is a SystemRequirements.
Flavors: r-devel-linux-x86_64-debian-clang, r-devel-linux-x86_64-debian-gcc, r-devel-linux-x86_64-fedora-clang, r-devel-linux-x86_64-fedora-gcc, r-devel-windows-x86_64, r-patched-linux-x86_64, r-release-linux-x86_64, r-release-macos-arm64, r-release-macos-x86_64, r-release-windows-x86_64, r-oldrel-macos-arm64, r-oldrel-macos-x86_64, r-oldrel-windows-ix86+x86_64

Version: 1.1.6
Check: installed package size
Result: NOTE
     installed size is 5.5Mb
     sub-directories of 1Mb or more:
     libs 5.3Mb
Flavors: r-release-macos-arm64, r-release-macos-x86_64, r-oldrel-macos-arm64, r-oldrel-macos-x86_64