CRAN Package Check Results for Package rolldown

Last updated on 2021-12-06 19:50:50 CET.

Flavor Version Tinstall Tcheck Ttotal Status Flags
r-devel-linux-x86_64-debian-clang 0.1 2.22 34.97 37.19 NOTE
r-devel-linux-x86_64-debian-gcc 0.1 1.78 27.94 29.72 NOTE
r-devel-linux-x86_64-fedora-clang 0.1 46.78 NOTE
r-devel-linux-x86_64-fedora-gcc 0.1 35.95 NOTE
r-devel-windows-x86_64-new-UL 0.1 7.00 74.00 81.00 NOTE
r-devel-windows-x86_64-new-TK 0.1 NOTE
r-devel-windows-x86_64-old 0.1 4.00 38.00 42.00 NOTE
r-patched-linux-x86_64 0.1 4.05 26.46 30.51 NOTE
r-release-linux-x86_64 0.1 2.01 33.94 35.95 NOTE
r-release-macos-arm64 0.1 NOTE
r-release-macos-x86_64 0.1 NOTE
r-release-windows-ix86+x86_64 0.1 6.00 45.00 51.00 NOTE
r-oldrel-macos-x86_64 0.1 OK
r-oldrel-windows-ix86+x86_64 0.1 6.00 44.00 50.00 OK

Check Details

Version: 0.1
Check: LazyData
Result: NOTE
     'LazyData' is specified without a 'data' directory
Flavors: r-devel-linux-x86_64-debian-clang, r-devel-linux-x86_64-debian-gcc, r-devel-linux-x86_64-fedora-clang, r-devel-linux-x86_64-fedora-gcc, r-devel-windows-x86_64-new-UL, r-devel-windows-x86_64-new-TK, r-devel-windows-x86_64-old, r-patched-linux-x86_64, r-release-linux-x86_64, r-release-macos-arm64, r-release-macos-x86_64, r-release-windows-ix86+x86_64