CRAN Package Check Results for Package rollinglda

Last updated on 2024-02-28 19:49:47 CET.

Flavor Version Tinstall Tcheck Ttotal Status Flags
r-devel-linux-x86_64-debian-clang 0.1.3 11.39 147.71 159.10 OK
r-devel-linux-x86_64-debian-gcc 0.1.3 8.65 110.31 118.96 OK
r-devel-linux-x86_64-fedora-clang 0.1.3 205.66 NOTE
r-devel-linux-x86_64-fedora-gcc 0.1.3 197.38 NOTE
r-devel-windows-x86_64 0.1.3 12.00 120.00 132.00 OK
r-patched-linux-x86_64 0.1.3 16.73 143.84 160.57 OK
r-release-linux-x86_64 0.1.3 6.65 141.78 148.43 OK
r-release-macos-arm64 0.1.3 59.00 OK
r-release-macos-x86_64 0.1.3 158.00 OK
r-release-windows-x86_64 0.1.3 15.00 146.00 161.00 OK
r-oldrel-macos-arm64 0.1.3 62.00 OK
r-oldrel-windows-x86_64 0.1.3 17.00 152.00 169.00 OK

Check Details

Version: 0.1.3
Check: data for non-ASCII characters
Result: NOTE Note: found 261 marked UTF-8 strings Flavors: r-devel-linux-x86_64-fedora-clang, r-devel-linux-x86_64-fedora-gcc