Last updated on 2022-06-27 21:51:29 CEST.
Flavor | Version | Tinstall | Tcheck | Ttotal | Status | Flags |
---|---|---|---|---|---|---|
r-devel-linux-x86_64-debian-clang | 0.1 | 22.59 | 63.21 | 85.80 | OK | |
r-devel-linux-x86_64-debian-gcc | 0.1 | 20.86 | 49.63 | 70.49 | OK | |
r-devel-linux-x86_64-fedora-clang | 0.1 | 123.19 | NOTE | |||
r-devel-linux-x86_64-fedora-gcc | 0.1 | 122.97 | OK | |||
r-devel-windows-x86_64 | 0.1 | 31.00 | 74.00 | 105.00 | NOTE | |
r-patched-linux-x86_64 | 0.1 | 24.91 | 62.35 | 87.26 | OK | |
r-release-linux-x86_64 | 0.1 | 22.27 | 62.28 | 84.55 | OK | |
r-release-macos-arm64 | 0.1 | 39.00 | NOTE | |||
r-release-macos-x86_64 | 0.1 | 55.00 | NOTE | |||
r-release-windows-x86_64 | 0.1 | 34.00 | 76.00 | 110.00 | NOTE | |
r-oldrel-macos-arm64 | 0.1 | 47.00 | NOTE | |||
r-oldrel-macos-x86_64 | 0.1 | 82.00 | NOTE | |||
r-oldrel-windows-ix86+x86_64 | 0.1 | 58.00 | 76.00 | 134.00 | NOTE |
Version: 0.1
Check: installed package size
Result: NOTE
installed size is 5.5Mb
sub-directories of 1Mb or more:
R 2.7Mb
extdata 2.7Mb
Flavors: r-devel-linux-x86_64-fedora-clang, r-devel-windows-x86_64, r-release-macos-arm64, r-release-macos-x86_64, r-release-windows-x86_64, r-oldrel-macos-arm64, r-oldrel-macos-x86_64, r-oldrel-windows-ix86+x86_64