CRAN Package Check Results for Package rosm

Last updated on 2021-12-08 19:51:47 CET.

Flavor Version Tinstall Tcheck Ttotal Status Flags
r-devel-linux-x86_64-debian-clang 0.2.5 3.57 51.29 54.86 NOTE
r-devel-linux-x86_64-debian-gcc 0.2.5 2.70 41.62 44.32 NOTE
r-devel-linux-x86_64-fedora-clang 0.2.5 67.18 NOTE
r-devel-linux-x86_64-fedora-gcc 0.2.5 55.57 NOTE
r-devel-windows-x86_64-new-UL 0.2.5 12.00 87.00 99.00 NOTE
r-devel-windows-x86_64-new-TK 0.2.5 NOTE
r-devel-windows-x86_64-old 0.2.5 7.00 55.00 62.00 NOTE
r-patched-linux-x86_64 0.2.5 4.46 48.95 53.41 NOTE
r-release-linux-x86_64 0.2.5 4.00 49.51 53.51 NOTE
r-release-macos-arm64 0.2.5 NOTE
r-release-macos-x86_64 0.2.5 NOTE
r-release-windows-ix86+x86_64 0.2.5 5.00 60.00 65.00 NOTE
r-oldrel-macos-x86_64 0.2.5 OK
r-oldrel-windows-ix86+x86_64 0.2.5 8.00 66.00 74.00 OK

Check Details

Version: 0.2.5
Check: LazyData
Result: NOTE
     'LazyData' is specified without a 'data' directory
Flavors: r-devel-linux-x86_64-debian-clang, r-devel-linux-x86_64-debian-gcc, r-devel-linux-x86_64-fedora-clang, r-devel-linux-x86_64-fedora-gcc, r-devel-windows-x86_64-new-UL, r-devel-windows-x86_64-new-TK, r-devel-windows-x86_64-old, r-patched-linux-x86_64, r-release-linux-x86_64, r-release-macos-arm64, r-release-macos-x86_64, r-release-windows-ix86+x86_64