CRAN Package Check Results for Package roxygen2md

Last updated on 2023-02-06 19:54:34 CET.

Flavor Version Tinstall Tcheck Ttotal Status Flags
r-devel-linux-x86_64-debian-clang 1.0.0 4.28 38.46 42.74 NOTE
r-devel-linux-x86_64-debian-gcc 1.0.0 3.10 29.26 32.36 NOTE
r-devel-linux-x86_64-fedora-clang 1.0.0 53.51 NOTE
r-devel-linux-x86_64-fedora-gcc 1.0.0 52.65 NOTE
r-devel-windows-x86_64 1.0.0 27.00 67.00 94.00 NOTE
r-patched-linux-x86_64 1.0.0 3.74 38.35 42.09 NOTE
r-release-linux-x86_64 1.0.0 4.43 38.49 42.92 NOTE
r-release-macos-arm64 1.0.0 18.00 NOTE
r-release-macos-x86_64 1.0.0 31.00 NOTE
r-release-windows-x86_64 1.0.0 30.00 71.00 101.00 NOTE
r-oldrel-macos-arm64 1.0.0 25.00 NOTE
r-oldrel-macos-x86_64 1.0.0 35.00 NOTE
r-oldrel-windows-ix86+x86_64 1.0.0 11.00 65.00 76.00 NOTE

Check Details

Version: 1.0.0
Check: LazyData
Result: NOTE
     'LazyData' is specified without a 'data' directory
Flavors: r-devel-linux-x86_64-debian-clang, r-devel-linux-x86_64-debian-gcc, r-devel-linux-x86_64-fedora-clang, r-devel-linux-x86_64-fedora-gcc, r-devel-windows-x86_64, r-patched-linux-x86_64, r-release-linux-x86_64, r-release-macos-arm64, r-release-macos-x86_64, r-release-windows-x86_64, r-oldrel-macos-arm64, r-oldrel-macos-x86_64, r-oldrel-windows-ix86+x86_64

Version: 1.0.0
Check: dependencies in R code
Result: NOTE
    Namespace in Imports field not imported from: ‘withr’
     All declared Imports should be used.
Flavors: r-devel-linux-x86_64-fedora-clang, r-devel-linux-x86_64-fedora-gcc, r-release-macos-arm64, r-release-macos-x86_64, r-oldrel-macos-arm64, r-oldrel-macos-x86_64