Last updated on 2022-05-22 21:54:00 CEST.
Flavor | Version | Tinstall | Tcheck | Ttotal | Status | Flags |
---|---|---|---|---|---|---|
r-devel-linux-x86_64-debian-clang | 3.2.3 | 144.92 | 636.68 | 781.60 | OK | |
r-devel-linux-x86_64-debian-gcc | 3.2.3 | 109.01 | 446.43 | 555.44 | OK | |
r-devel-linux-x86_64-fedora-clang | 3.2.3 | 984.95 | NOTE | |||
r-devel-linux-x86_64-fedora-gcc | 3.2.3 | 892.26 | OK | |||
r-devel-windows-x86_64 | 3.2.3 | 437.00 | 631.00 | 1068.00 | NOTE | |
r-patched-linux-x86_64 | 3.2.3 | 138.85 | 587.28 | 726.13 | OK | |
r-release-linux-x86_64 | 3.2.3 | 125.74 | 593.77 | 719.51 | OK | |
r-release-macos-arm64 | 3.2.3 | 155.00 | NOTE | |||
r-release-macos-x86_64 | 3.2.3 | 263.00 | NOTE | |||
r-release-windows-x86_64 | 3.2.3 | 367.00 | 641.00 | 1008.00 | NOTE | |
r-oldrel-macos-arm64 | 3.2.3 | 197.00 | NOTE | |||
r-oldrel-macos-x86_64 | 3.2.3 | 256.00 | NOTE | |||
r-oldrel-windows-ix86+x86_64 | 3.2.3 | 281.00 | 1017.00 | 1298.00 | NOTE |
Version: 3.2.3
Check: installed package size
Result: NOTE
installed size is 8.9Mb
sub-directories of 1Mb or more:
R 4.1Mb
libs 3.8Mb
Flavors: r-devel-linux-x86_64-fedora-clang, r-devel-windows-x86_64, r-release-macos-arm64, r-release-macos-x86_64, r-release-windows-x86_64, r-oldrel-macos-arm64, r-oldrel-macos-x86_64, r-oldrel-windows-ix86+x86_64