CRAN Package Check Results for Package rpanel

Last updated on 2021-02-27 19:48:05 CET.

Flavor Version Tinstall Tcheck Ttotal Status Flags
r-devel-linux-x86_64-debian-clang 1.1-4 17.70 75.12 92.82 OK
r-devel-linux-x86_64-debian-gcc 1.1-4 13.30 57.48 70.78 OK
r-devel-linux-x86_64-fedora-clang 1.1-4 124.44 OK
r-devel-linux-x86_64-fedora-gcc 1.1-4 113.72 OK
r-devel-windows-ix86+x86_64 1.1-4 19.00 59.00 78.00 OK
r-patched-linux-x86_64 1.1-4 16.28 69.86 86.14 OK
r-patched-solaris-x86 1.1-4 149.30 OK
r-release-linux-x86_64 1.1-4 16.99 69.64 86.63 OK
r-release-macos-x86_64 1.1-4 ERROR
r-release-windows-ix86+x86_64 1.1-4 16.00 65.00 81.00 OK
r-oldrel-macos-x86_64 1.1-4 ERROR
r-oldrel-windows-ix86+x86_64 1.1-4 13.00 65.00 78.00 OK

Check Details

Version: 1.1-4
Check: whether package can be installed
Result: ERROR
    Installation failed.
Flavors: r-release-macos-x86_64, r-oldrel-macos-x86_64