CRAN Package Check Results for Package rprime

Last updated on 2024-07-12 21:50:10 CEST.

Flavor Version Tinstall Tcheck Ttotal Status Flags
r-devel-linux-x86_64-debian-clang 0.1.2 4.32 58.61 62.93 NOTE
r-devel-linux-x86_64-debian-gcc 0.1.2 3.62 44.30 47.92 NOTE
r-devel-linux-x86_64-fedora-clang 0.1.2 79.57 NOTE
r-devel-linux-x86_64-fedora-gcc 0.1.2 88.43 NOTE
r-devel-windows-x86_64 0.1.2 5.00 66.00 71.00 NOTE
r-patched-linux-x86_64 0.1.2 7.15 57.05 64.20 NOTE
r-release-linux-x86_64 0.1.2 4.11 55.83 59.94 NOTE
r-release-macos-arm64 0.1.2 33.00 NOTE
r-release-macos-x86_64 0.1.2 49.00 NOTE
r-release-windows-x86_64 0.1.2 5.00 66.00 71.00 NOTE
r-oldrel-macos-arm64 0.1.2 34.00 NOTE
r-oldrel-macos-x86_64 0.1.2 52.00 NOTE
r-oldrel-windows-x86_64 0.1.2 6.00 72.00 78.00 NOTE

Check Details

Version: 0.1.2
Check: LazyData
Result: NOTE 'LazyData' is specified without a 'data' directory Flavors: r-devel-linux-x86_64-debian-clang, r-devel-linux-x86_64-debian-gcc, r-devel-linux-x86_64-fedora-clang, r-devel-linux-x86_64-fedora-gcc, r-devel-windows-x86_64, r-patched-linux-x86_64, r-release-linux-x86_64, r-release-macos-arm64, r-release-macos-x86_64, r-release-windows-x86_64, r-oldrel-macos-arm64, r-oldrel-macos-x86_64, r-oldrel-windows-x86_64

Version: 0.1.2
Check: Rd cross-references
Result: NOTE Found the following Rd file(s) with Rd \link{} targets missing package anchors: to_data_frame.Rd: rbind.fill Please provide package anchors for all Rd \link{} targets not in the package itself and the base packages. Flavor: r-devel-windows-x86_64