CRAN Package Check Results for Package rscopus

Last updated on 2024-07-20 21:56:14 CEST.

Flavor Version Tinstall Tcheck Ttotal Status Flags
r-devel-linux-x86_64-debian-clang 0.6.6 8.06 72.70 80.76 NOTE
r-devel-linux-x86_64-debian-gcc 0.6.6 6.20 55.71 61.91 NOTE
r-devel-linux-x86_64-fedora-clang 0.6.6 107.32 NOTE
r-devel-linux-x86_64-fedora-gcc 0.6.6 108.81 NOTE
r-devel-windows-x86_64 0.6.6 10.00 82.00 92.00 NOTE
r-patched-linux-x86_64 0.6.6 13.32 69.09 82.41 NOTE
r-release-linux-x86_64 0.6.6 7.84 68.62 76.46 NOTE
r-release-macos-arm64 0.6.6 50.00 NOTE
r-release-macos-x86_64 0.6.6 54.00 NOTE
r-release-windows-x86_64 0.6.6 9.00 80.00 89.00 NOTE
r-oldrel-macos-arm64 0.6.6 40.00 NOTE
r-oldrel-macos-x86_64 0.6.6 60.00 NOTE
r-oldrel-windows-x86_64 0.6.6 10.00 91.00 101.00 NOTE

Check Details

Version: 0.6.6
Check: LazyData
Result: NOTE 'LazyData' is specified without a 'data' directory Flavors: r-devel-linux-x86_64-debian-clang, r-devel-linux-x86_64-debian-gcc, r-devel-linux-x86_64-fedora-clang, r-devel-linux-x86_64-fedora-gcc, r-devel-windows-x86_64, r-patched-linux-x86_64, r-release-linux-x86_64, r-release-macos-arm64, r-release-macos-x86_64, r-release-windows-x86_64, r-oldrel-macos-arm64, r-oldrel-macos-x86_64, r-oldrel-windows-x86_64

Version: 0.6.6
Check: Rd cross-references
Result: NOTE Found the following Rd file(s) with Rd \link{} targets missing package anchors: author_df.Rd: add_headers, GET author_retrieval.Rd: add_headers, GET author_search.Rd: add_headers, GET author_search_by_affil.Rd: GET elsevier_authenticate.Rd: add_headers, GET generic_elsevier_api.Rd: add_headers, GET get_affiliation_info.Rd: add_headers, GET get_complete_author_info.Rd: add_headers, GET get_links.Rd: GET object_retrieval.Rd: GET, add_headers process_author_name.Rd: add_headers, GET scopus_search.Rd: add_headers, GET Please provide package anchors for all Rd \link{} targets not in the package itself and the base packages. Flavor: r-devel-windows-x86_64