Last updated on 2022-05-20 21:53:01 CEST.
Flavor | Version | Tinstall | Tcheck | Ttotal | Status | Flags |
---|---|---|---|---|---|---|
r-devel-linux-x86_64-debian-clang | 0.2.2 | 1.97 | 30.33 | 32.30 | NOTE | |
r-devel-linux-x86_64-debian-gcc | 0.2.2 | 1.83 | 23.59 | 25.42 | NOTE | |
r-devel-linux-x86_64-fedora-clang | 0.2.2 | 41.07 | NOTE | |||
r-devel-linux-x86_64-fedora-gcc | 0.2.2 | 38.25 | NOTE | |||
r-devel-windows-x86_64 | 0.2.2 | 10.00 | 52.00 | 62.00 | NOTE | |
r-patched-linux-x86_64 | 0.2.2 | 2.29 | 28.91 | 31.20 | NOTE | |
r-release-linux-x86_64 | 0.2.2 | 1.81 | 29.88 | 31.69 | NOTE | |
r-release-macos-arm64 | 0.2.2 | 17.00 | NOTE | |||
r-release-macos-x86_64 | 0.2.2 | 23.00 | NOTE | |||
r-release-windows-x86_64 | 0.2.2 | 10.00 | 47.00 | 57.00 | NOTE | |
r-oldrel-macos-arm64 | 0.2.2 | 16.00 | NOTE | |||
r-oldrel-macos-x86_64 | 0.2.2 | 19.00 | NOTE | |||
r-oldrel-windows-ix86+x86_64 | 0.2.2 | 7.00 | 40.00 | 47.00 | NOTE |
Version: 0.2.2
Check: LazyData
Result: NOTE
'LazyData' is specified without a 'data' directory
Flavors: r-devel-linux-x86_64-debian-clang, r-devel-linux-x86_64-debian-gcc, r-devel-linux-x86_64-fedora-clang, r-devel-linux-x86_64-fedora-gcc, r-devel-windows-x86_64, r-patched-linux-x86_64, r-release-linux-x86_64, r-release-macos-arm64, r-release-macos-x86_64, r-release-windows-x86_64, r-oldrel-macos-arm64, r-oldrel-macos-x86_64, r-oldrel-windows-ix86+x86_64