CRAN Package Check Results for Package rstac

Last updated on 2023-01-30 19:54:59 CET.

Flavor Version Tinstall Tcheck Ttotal Status Flags
r-devel-linux-x86_64-debian-clang 0.9.2-1 7.97 113.32 121.29 OK
r-devel-linux-x86_64-debian-gcc 0.9.2-1 5.97 58.71 64.68 ERROR
r-devel-linux-x86_64-fedora-clang 0.9.2-1 106.15 ERROR
r-devel-linux-x86_64-fedora-gcc 0.9.2-1 119.68 ERROR
r-devel-windows-x86_64 0.9.2-1 103.00 141.00 244.00 ERROR
r-patched-linux-x86_64 0.9.2-1 8.77 73.27 82.04 ERROR
r-release-linux-x86_64 0.9.2-1 7.38 70.80 78.18 ERROR
r-release-macos-arm64 0.9.2-1 82.00 OK
r-release-macos-x86_64 0.9.2-1 97.00 OK
r-release-windows-x86_64 0.9.2-1 81.00 142.00 223.00 ERROR
r-oldrel-macos-arm64 0.9.2-1 84.00 OK
r-oldrel-macos-x86_64 0.9.2-1 100.00 OK
r-oldrel-windows-ix86+x86_64 0.9.2-1 15.00 137.00 152.00 WARN

Check Details

Version: 0.9.2-1
Check: re-building of vignette outputs
Result: ERROR
    Error(s) in re-building vignettes:
     ...
    --- re-building ‘rstac-01-intro.Rmd’ using rmarkdown
    --- finished re-building ‘rstac-01-intro.Rmd’
    
    --- re-building ‘rstac-02-cql2.Rmd’ using rmarkdown
    --- finished re-building ‘rstac-02-cql2.Rmd’
    
    --- re-building ‘rstac-03-cql2-mpc.Rmd’ using rmarkdown
    Quitting from lines 59-63 (rstac-03-cql2-mpc.Rmd)
    Error: processing vignette ‘rstac-03-cql2-mpc.Rmd’ failed with diagnostics:
    HTTP content type response 'application/schema+json' not defined for this operation.
    --- failed re-building ‘rstac-03-cql2-mpc.Rmd’
    
    SUMMARY: processing the following file failed:
     ‘rstac-03-cql2-mpc.Rmd’
    
    Error: Vignette re-building failed.
    Execution halted
Flavors: r-devel-linux-x86_64-debian-gcc, r-patched-linux-x86_64, r-release-linux-x86_64

Version: 0.9.2-1
Check: re-building of vignette outputs
Result: ERROR
    Error(s) in re-building vignettes:
    --- re-building ‘rstac-01-intro.Rmd’ using rmarkdown
    --- finished re-building ‘rstac-01-intro.Rmd’
    
    --- re-building ‘rstac-02-cql2.Rmd’ using rmarkdown
    --- finished re-building ‘rstac-02-cql2.Rmd’
    
    --- re-building ‘rstac-03-cql2-mpc.Rmd’ using rmarkdown
    Quitting from lines 59-63 (rstac-03-cql2-mpc.Rmd)
    Error: processing vignette 'rstac-03-cql2-mpc.Rmd' failed with diagnostics:
    HTTP content type response 'application/schema+json' not defined for this operation.
    --- failed re-building ‘rstac-03-cql2-mpc.Rmd’
    
    SUMMARY: processing the following file failed:
     ‘rstac-03-cql2-mpc.Rmd’
    
    Error: Vignette re-building failed.
    Execution halted
Flavors: r-devel-linux-x86_64-fedora-clang, r-devel-linux-x86_64-fedora-gcc, r-devel-windows-x86_64, r-release-windows-x86_64

Version: 0.9.2-1
Check: re-building of vignette outputs
Result: WARN
    Error(s) in re-building vignettes:
    --- re-building 'rstac-01-intro.Rmd' using rmarkdown
    --- finished re-building 'rstac-01-intro.Rmd'
    
    --- re-building 'rstac-02-cql2.Rmd' using rmarkdown
    --- finished re-building 'rstac-02-cql2.Rmd'
    
    --- re-building 'rstac-03-cql2-mpc.Rmd' using rmarkdown
    Quitting from lines 59-63 (rstac-03-cql2-mpc.Rmd)
    Error: processing vignette 'rstac-03-cql2-mpc.Rmd' failed with diagnostics:
    HTTP content type response 'application/schema+json' not defined for this operation.
    --- failed re-building 'rstac-03-cql2-mpc.Rmd'
    
    SUMMARY: processing the following file failed:
     'rstac-03-cql2-mpc.Rmd'
    
    Error: Vignette re-building failed.
    Execution halted
Flavor: r-oldrel-windows-ix86+x86_64