CRAN Package Check Results for Package rstack

Last updated on 2021-12-01 19:51:48 CET.

Flavor Version Tinstall Tcheck Ttotal Status Flags
r-devel-linux-x86_64-debian-clang 1.0.0 2.32 21.09 23.41 NOTE
r-devel-linux-x86_64-debian-gcc 1.0.0 1.84 17.39 19.23 NOTE
r-devel-linux-x86_64-fedora-clang 1.0.0 40.31 NOTE
r-devel-linux-x86_64-fedora-gcc 1.0.0 29.41 NOTE
r-devel-windows-x86_64-new-UL 1.0.0 6.00 62.00 68.00 NOTE
r-devel-windows-x86_64-new-TK 1.0.0 NOTE
r-devel-windows-x86_64-old 1.0.0 4.00 33.00 37.00 NOTE
r-patched-linux-x86_64 1.0.0 2.48 20.24 22.72 NOTE
r-patched-solaris-x86 1.0.0 46.00 NOTE
r-release-linux-x86_64 1.0.0 2.43 20.46 22.89 NOTE
r-release-macos-arm64 1.0.0 NOTE
r-release-macos-x86_64 1.0.0 NOTE
r-release-windows-ix86+x86_64 1.0.0 5.00 28.00 33.00 NOTE
r-oldrel-macos-x86_64 1.0.0 OK
r-oldrel-windows-ix86+x86_64 1.0.0 4.00 38.00 42.00 OK

Check Details

Version: 1.0.0
Check: LazyData
Result: NOTE
     'LazyData' is specified without a 'data' directory
Flavors: r-devel-linux-x86_64-debian-clang, r-devel-linux-x86_64-debian-gcc, r-devel-linux-x86_64-fedora-clang, r-devel-linux-x86_64-fedora-gcc, r-devel-windows-x86_64-new-UL, r-devel-windows-x86_64-new-TK, r-devel-windows-x86_64-old, r-patched-linux-x86_64, r-patched-solaris-x86, r-release-linux-x86_64, r-release-macos-arm64, r-release-macos-x86_64, r-release-windows-ix86+x86_64